{"id":857,"date":"2014-12-30T09:47:37","date_gmt":"2014-12-30T09:47:37","guid":{"rendered":"http:\/\/laprats.fr\/blog\/?page_id=857"},"modified":"2015-08-18T18:37:21","modified_gmt":"2015-08-18T16:37:21","slug":"1992-classe-de-2nde","status":"publish","type":"page","link":"http:\/\/laprats.fr\/blog\/1992-classe-de-2nde\/","title":{"rendered":"1992 classe de 2nde A"},"content":{"rendered":"<p style=\"text-align: center;\"><a href=\"http:\/\/laprats.fr\/blog\/wp-content\/uploads\/2014\/10\/1992-2ndA.jpg\"><img loading=\"lazy\" decoding=\"async\" class=\"alignnone size-medium wp-image-297\" src=\"http:\/\/laprats.fr\/blog\/wp-content\/uploads\/2014\/10\/1992-2ndA-300x218.jpg\" alt=\"1992-2ndA\" width=\"300\" height=\"218\" srcset=\"http:\/\/laprats.fr\/blog\/wp-content\/uploads\/2014\/10\/1992-2ndA-300x218.jpg 300w, http:\/\/laprats.fr\/blog\/wp-content\/uploads\/2014\/10\/1992-2ndA-1024x746.jpg 1024w, http:\/\/laprats.fr\/blog\/wp-content\/uploads\/2014\/10\/1992-2ndA.jpg 1408w\" sizes=\"auto, (max-width: 300px) 100vw, 300px\" \/><\/a><\/p>\n<h5>Dernier rang<\/h5>\n<h5>Alain CHAMPLIAUD X X X X X Jean-philippe CHRISTOPHE<\/h5>\n<h5>Rang 4 :<br \/>\nMartial REBILLARD X Samuel LAMBERT Gr\u00e9goire FAVORY Nom Retir\u00e9 G\u00e9ralde CLEAUD Manuel CARRIAS X Ludovic MAHUET M. Pierre DEGRANGE<\/h5>\n<h5>Rang 3:<\/h5>\n<h5>G\u00e9rald MOUSNIER Fabrice BRAILLON X Jonathan MELE X Xavier MOURRAT X Emeric RICHARD-VITTON X Jacques BONVILAIN X Sidi BELGHAZI<\/h5>\n<h5>Rang 2:<br \/>\nFabrice DUSSAUGE X Olivier BOUCHARD S\u00e9bastien SYLVESTRE Johann RIVAL Fran\u00e7ois MASSARD X X C\u00e9line BESANCON Wilfrid COTTON Nicolas CHAVANT<\/h5>\n<h5>Premier rang :<\/h5>\n<h5>Val\u00e9rie DAZY X Myriam LAGROST KHEIRA BELGHAZI Lionel COGNARD X S\u00e9bastien DUBOIS X Nicolas CABATON X C\u00e9dric FARIZY<\/h5>\n","protected":false},"excerpt":{"rendered":"<p>Dernier rang Alain CHAMPLIAUD X X X X X Jean-philippe CHRISTOPHE Rang 4 : Martial REBILLARD X Samuel LAMBERT Gr\u00e9goire FAVORY Nom Retir\u00e9 G\u00e9ralde CLEAUD Manuel CARRIAS X Ludovic MAHUET <a href=\"http:\/\/laprats.fr\/blog\/1992-classe-de-2nde\/\" class=\"more-link\">[&hellip;]<\/a><\/p>\n","protected":false},"author":6,"featured_media":0,"parent":0,"menu_order":0,"comment_status":"open","ping_status":"open","template":"","meta":{"Layout":"","footnotes":""},"class_list":["entry","author-pascal","post-857","page","type-page","status-publish"],"yoast_head":"<!-- This site is optimized with the Yoast SEO plugin v27.4 - https:\/\/yoast.com\/product\/yoast-seo-wordpress\/ -->\n<title>1992 classe de 2nde A - Bienvenue<\/title>\n<meta name=\"robots\" content=\"index, follow, max-snippet:-1, max-image-preview:large, max-video-preview:-1\" \/>\n<link rel=\"canonical\" href=\"http:\/\/laprats.fr\/blog\/1992-classe-de-2nde\/\" \/>\n<meta property=\"og:locale\" content=\"fr_FR\" \/>\n<meta property=\"og:type\" content=\"article\" \/>\n<meta property=\"og:title\" content=\"1992 classe de 2nde A - Bienvenue\" \/>\n<meta property=\"og:description\" content=\"Dernier rang Alain CHAMPLIAUD X X X X X Jean-philippe CHRISTOPHE Rang 4 : Martial REBILLARD X Samuel LAMBERT Gr\u00e9goire FAVORY Nom Retir\u00e9 G\u00e9ralde CLEAUD Manuel CARRIAS X Ludovic MAHUET [&hellip;]\" \/>\n<meta property=\"og:url\" content=\"http:\/\/laprats.fr\/blog\/1992-classe-de-2nde\/\" \/>\n<meta property=\"og:site_name\" content=\"Bienvenue\" \/>\n<meta property=\"article:publisher\" content=\"https:\/\/fr-fr.facebook.com\/pages\/Association-La-Prats-de-Cluny\/224204740976190?sk=wall\" \/>\n<meta property=\"article:modified_time\" content=\"2015-08-18T16:37:21+00:00\" \/>\n<meta property=\"og:image\" content=\"http:\/\/laprats.fr\/blog\/wp-content\/uploads\/2014\/10\/1992-2ndA-300x218.jpg\" \/>\n<meta name=\"twitter:label1\" content=\"Dur\u00e9e de lecture estim\u00e9e\" \/>\n\t<meta name=\"twitter:data1\" content=\"1 minute\" \/>\n<script type=\"application\/ld+json\" class=\"yoast-schema-graph\">{\"@context\":\"https:\\\/\\\/schema.org\",\"@graph\":[{\"@type\":\"WebPage\",\"@id\":\"http:\\\/\\\/laprats.fr\\\/blog\\\/1992-classe-de-2nde\\\/\",\"url\":\"http:\\\/\\\/laprats.fr\\\/blog\\\/1992-classe-de-2nde\\\/\",\"name\":\"1992 classe de 2nde A - Bienvenue\",\"isPartOf\":{\"@id\":\"https:\\\/\\\/laprats.fr\\\/blog\\\/#website\"},\"primaryImageOfPage\":{\"@id\":\"http:\\\/\\\/laprats.fr\\\/blog\\\/1992-classe-de-2nde\\\/#primaryimage\"},\"image\":{\"@id\":\"http:\\\/\\\/laprats.fr\\\/blog\\\/1992-classe-de-2nde\\\/#primaryimage\"},\"thumbnailUrl\":\"http:\\\/\\\/laprats.fr\\\/blog\\\/wp-content\\\/uploads\\\/2014\\\/10\\\/1992-2ndA-300x218.jpg\",\"datePublished\":\"2014-12-30T09:47:37+00:00\",\"dateModified\":\"2015-08-18T16:37:21+00:00\",\"breadcrumb\":{\"@id\":\"http:\\\/\\\/laprats.fr\\\/blog\\\/1992-classe-de-2nde\\\/#breadcrumb\"},\"inLanguage\":\"fr-FR\",\"potentialAction\":[{\"@type\":\"ReadAction\",\"target\":[\"http:\\\/\\\/laprats.fr\\\/blog\\\/1992-classe-de-2nde\\\/\"]}]},{\"@type\":\"ImageObject\",\"inLanguage\":\"fr-FR\",\"@id\":\"http:\\\/\\\/laprats.fr\\\/blog\\\/1992-classe-de-2nde\\\/#primaryimage\",\"url\":\"http:\\\/\\\/laprats.fr\\\/blog\\\/wp-content\\\/uploads\\\/2014\\\/10\\\/1992-2ndA.jpg\",\"contentUrl\":\"http:\\\/\\\/laprats.fr\\\/blog\\\/wp-content\\\/uploads\\\/2014\\\/10\\\/1992-2ndA.jpg\",\"width\":1408,\"height\":1026},{\"@type\":\"BreadcrumbList\",\"@id\":\"http:\\\/\\\/laprats.fr\\\/blog\\\/1992-classe-de-2nde\\\/#breadcrumb\",\"itemListElement\":[{\"@type\":\"ListItem\",\"position\":1,\"name\":\"Accueil\",\"item\":\"https:\\\/\\\/laprats.fr\\\/blog\\\/\"},{\"@type\":\"ListItem\",\"position\":2,\"name\":\"1992 classe de 2nde A\"}]},{\"@type\":\"WebSite\",\"@id\":\"https:\\\/\\\/laprats.fr\\\/blog\\\/#website\",\"url\":\"https:\\\/\\\/laprats.fr\\\/blog\\\/\",\"name\":\"Bienvenue\",\"description\":\"D&#039;hier et d&#039;aujourd&#039;hui ... pour demain\",\"potentialAction\":[{\"@type\":\"SearchAction\",\"target\":{\"@type\":\"EntryPoint\",\"urlTemplate\":\"https:\\\/\\\/laprats.fr\\\/blog\\\/?s={search_term_string}\"},\"query-input\":{\"@type\":\"PropertyValueSpecification\",\"valueRequired\":true,\"valueName\":\"search_term_string\"}}],\"inLanguage\":\"fr-FR\"}]}<\/script>\n<!-- \/ Yoast SEO plugin. -->","yoast_head_json":{"title":"1992 classe de 2nde A - Bienvenue","robots":{"index":"index","follow":"follow","max-snippet":"max-snippet:-1","max-image-preview":"max-image-preview:large","max-video-preview":"max-video-preview:-1"},"canonical":"http:\/\/laprats.fr\/blog\/1992-classe-de-2nde\/","og_locale":"fr_FR","og_type":"article","og_title":"1992 classe de 2nde A - Bienvenue","og_description":"Dernier rang Alain CHAMPLIAUD X X X X X Jean-philippe CHRISTOPHE Rang 4 : Martial REBILLARD X Samuel LAMBERT Gr\u00e9goire FAVORY Nom Retir\u00e9 G\u00e9ralde CLEAUD Manuel CARRIAS X Ludovic MAHUET [&hellip;]","og_url":"http:\/\/laprats.fr\/blog\/1992-classe-de-2nde\/","og_site_name":"Bienvenue","article_publisher":"https:\/\/fr-fr.facebook.com\/pages\/Association-La-Prats-de-Cluny\/224204740976190?sk=wall","article_modified_time":"2015-08-18T16:37:21+00:00","og_image":[{"url":"http:\/\/laprats.fr\/blog\/wp-content\/uploads\/2014\/10\/1992-2ndA-300x218.jpg","type":"","width":"","height":""}],"twitter_misc":{"Dur\u00e9e de lecture estim\u00e9e":"1 minute"},"schema":{"@context":"https:\/\/schema.org","@graph":[{"@type":"WebPage","@id":"http:\/\/laprats.fr\/blog\/1992-classe-de-2nde\/","url":"http:\/\/laprats.fr\/blog\/1992-classe-de-2nde\/","name":"1992 classe de 2nde A - Bienvenue","isPartOf":{"@id":"https:\/\/laprats.fr\/blog\/#website"},"primaryImageOfPage":{"@id":"http:\/\/laprats.fr\/blog\/1992-classe-de-2nde\/#primaryimage"},"image":{"@id":"http:\/\/laprats.fr\/blog\/1992-classe-de-2nde\/#primaryimage"},"thumbnailUrl":"http:\/\/laprats.fr\/blog\/wp-content\/uploads\/2014\/10\/1992-2ndA-300x218.jpg","datePublished":"2014-12-30T09:47:37+00:00","dateModified":"2015-08-18T16:37:21+00:00","breadcrumb":{"@id":"http:\/\/laprats.fr\/blog\/1992-classe-de-2nde\/#breadcrumb"},"inLanguage":"fr-FR","potentialAction":[{"@type":"ReadAction","target":["http:\/\/laprats.fr\/blog\/1992-classe-de-2nde\/"]}]},{"@type":"ImageObject","inLanguage":"fr-FR","@id":"http:\/\/laprats.fr\/blog\/1992-classe-de-2nde\/#primaryimage","url":"http:\/\/laprats.fr\/blog\/wp-content\/uploads\/2014\/10\/1992-2ndA.jpg","contentUrl":"http:\/\/laprats.fr\/blog\/wp-content\/uploads\/2014\/10\/1992-2ndA.jpg","width":1408,"height":1026},{"@type":"BreadcrumbList","@id":"http:\/\/laprats.fr\/blog\/1992-classe-de-2nde\/#breadcrumb","itemListElement":[{"@type":"ListItem","position":1,"name":"Accueil","item":"https:\/\/laprats.fr\/blog\/"},{"@type":"ListItem","position":2,"name":"1992 classe de 2nde A"}]},{"@type":"WebSite","@id":"https:\/\/laprats.fr\/blog\/#website","url":"https:\/\/laprats.fr\/blog\/","name":"Bienvenue","description":"D&#039;hier et d&#039;aujourd&#039;hui ... pour demain","potentialAction":[{"@type":"SearchAction","target":{"@type":"EntryPoint","urlTemplate":"https:\/\/laprats.fr\/blog\/?s={search_term_string}"},"query-input":{"@type":"PropertyValueSpecification","valueRequired":true,"valueName":"search_term_string"}}],"inLanguage":"fr-FR"}]}},"_links":{"self":[{"href":"http:\/\/laprats.fr\/blog\/wp-json\/wp\/v2\/pages\/857","targetHints":{"allow":["GET"]}}],"collection":[{"href":"http:\/\/laprats.fr\/blog\/wp-json\/wp\/v2\/pages"}],"about":[{"href":"http:\/\/laprats.fr\/blog\/wp-json\/wp\/v2\/types\/page"}],"author":[{"embeddable":true,"href":"http:\/\/laprats.fr\/blog\/wp-json\/wp\/v2\/users\/6"}],"replies":[{"embeddable":true,"href":"http:\/\/laprats.fr\/blog\/wp-json\/wp\/v2\/comments?post=857"}],"version-history":[{"count":3,"href":"http:\/\/laprats.fr\/blog\/wp-json\/wp\/v2\/pages\/857\/revisions"}],"predecessor-version":[{"id":1218,"href":"http:\/\/laprats.fr\/blog\/wp-json\/wp\/v2\/pages\/857\/revisions\/1218"}],"wp:attachment":[{"href":"http:\/\/laprats.fr\/blog\/wp-json\/wp\/v2\/media?parent=857"}],"curies":[{"name":"wp","href":"https:\/\/api.w.org\/{rel}","templated":true}]}}

<p style="text-align: center;"><a href="http://laprats.fr/blog/wp-content/uploads/2014/10/1992-2ndA.jpg"><img loading="lazy" decoding="async" class="alignnone size-medium wp-image-297" src="http://laprats.fr/blog/wp-content/uploads/2014/10/1992-2ndA-300x218.jpg" alt="1992-2ndA" width="300" height="218" srcset="http://laprats.fr/blog/wp-content/uploads/2014/10/1992-2ndA-300x218.jpg 300w, http://laprats.fr/blog/wp-content/uploads/2014/10/1992-2ndA-1024x746.jpg 1024w, http://laprats.fr/blog/wp-content/uploads/2014/10/1992-2ndA.jpg 1408w" sizes="auto, (max-width: 300px) 100vw, 300px" /></a></p>
<h5>Dernier rang</h5>
<h5>Alain CHAMPLIAUD X X X X X Jean-philippe CHRISTOPHE</h5>
<h5>Rang 4 :<br />
Martial REBILLARD X Samuel LAMBERT Grégoire FAVORY Nom Retiré Géralde CLEAUD Manuel CARRIAS X Ludovic MAHUET M. Pierre DEGRANGE</h5>
<h5>Rang 3:</h5>
<h5>Gérald MOUSNIER Fabrice BRAILLON X Jonathan MELE X Xavier MOURRAT X Emeric RICHARD-VITTON X Jacques BONVILAIN X Sidi BELGHAZI</h5>
<h5>Rang 2:<br />
Fabrice DUSSAUGE X Olivier BOUCHARD Sébastien SYLVESTRE Johann RIVAL François MASSARD X X Céline BESANCON Wilfrid COTTON Nicolas CHAVANT</h5>
<h5>Premier rang :</h5>
<h5>Valérie DAZY X Myriam LAGROST KHEIRA BELGHAZI Lionel COGNARD X Sébastien DUBOIS X Nicolas CABATON X Cédric FARIZY</h5>

<p>Dernier rang Alain CHAMPLIAUD X X X X X Jean-philippe CHRISTOPHE Rang 4 : Martial REBILLARD X Samuel LAMBERT Grégoire FAVORY Nom Retiré Géralde CLEAUD Manuel CARRIAS X Ludovic MAHUET <a href="http://laprats.fr/blog/1992-classe-de-2nde/" class="more-link">[&hellip;]</a></p>

<!-- This site is optimized with the Yoast SEO plugin v27.4 - https://yoast.com/product/yoast-seo-wordpress/ -->
<title>1992 classe de 2nde A - Bienvenue</title>
<meta name="robots" content="index, follow, max-snippet:-1, max-image-preview:large, max-video-preview:-1" />
<link rel="canonical" href="http://laprats.fr/blog/1992-classe-de-2nde/" />
<meta property="og:locale" content="fr_FR" />
<meta property="og:type" content="article" />
<meta property="og:title" content="1992 classe de 2nde A - Bienvenue" />
<meta property="og:description" content="Dernier rang Alain CHAMPLIAUD X X X X X Jean-philippe CHRISTOPHE Rang 4 : Martial REBILLARD X Samuel LAMBERT Grégoire FAVORY Nom Retiré Géralde CLEAUD Manuel CARRIAS X Ludovic MAHUET [&hellip;]" />
<meta property="og:url" content="http://laprats.fr/blog/1992-classe-de-2nde/" />
<meta property="og:site_name" content="Bienvenue" />
<meta property="article:publisher" content="https://fr-fr.facebook.com/pages/Association-La-Prats-de-Cluny/224204740976190?sk=wall" />
<meta property="article:modified_time" content="2015-08-18T16:37:21+00:00" />
<meta property="og:image" content="http://laprats.fr/blog/wp-content/uploads/2014/10/1992-2ndA-300x218.jpg" />
<meta name="twitter:label1" content="Durée de lecture estimée" />
	<meta name="twitter:data1" content="1 minute" />
<script type="application/ld+json" class="yoast-schema-graph">{"@context":"https:\/\/schema.org","@graph":[{"@type":"WebPage","@id":"http:\/\/laprats.fr\/blog\/1992-classe-de-2nde\/","url":"http:\/\/laprats.fr\/blog\/1992-classe-de-2nde\/","name":"1992 classe de 2nde A - Bienvenue","isPartOf":{"@id":"https:\/\/laprats.fr\/blog\/#website"},"primaryImageOfPage":{"@id":"http:\/\/laprats.fr\/blog\/1992-classe-de-2nde\/#primaryimage"},"image":{"@id":"http:\/\/laprats.fr\/blog\/1992-classe-de-2nde\/#primaryimage"},"thumbnailUrl":"http:\/\/laprats.fr\/blog\/wp-content\/uploads\/2014\/10\/1992-2ndA-300x218.jpg","datePublished":"2014-12-30T09:47:37+00:00","dateModified":"2015-08-18T16:37:21+00:00","breadcrumb":{"@id":"http:\/\/laprats.fr\/blog\/1992-classe-de-2nde\/#breadcrumb"},"inLanguage":"fr-FR","potentialAction":[{"@type":"ReadAction","target":["http:\/\/laprats.fr\/blog\/1992-classe-de-2nde\/"]}]},{"@type":"ImageObject","inLanguage":"fr-FR","@id":"http:\/\/laprats.fr\/blog\/1992-classe-de-2nde\/#primaryimage","url":"http:\/\/laprats.fr\/blog\/wp-content\/uploads\/2014\/10\/1992-2ndA.jpg","contentUrl":"http:\/\/laprats.fr\/blog\/wp-content\/uploads\/2014\/10\/1992-2ndA.jpg","width":1408,"height":1026},{"@type":"BreadcrumbList","@id":"http:\/\/laprats.fr\/blog\/1992-classe-de-2nde\/#breadcrumb","itemListElement":[{"@type":"ListItem","position":1,"name":"Accueil","item":"https:\/\/laprats.fr\/blog\/"},{"@type":"ListItem","position":2,"name":"1992 classe de 2nde A"}]},{"@type":"WebSite","@id":"https:\/\/laprats.fr\/blog\/#website","url":"https:\/\/laprats.fr\/blog\/","name":"Bienvenue","description":"D&#039;hier et d&#039;aujourd&#039;hui ... pour demain","potentialAction":[{"@type":"SearchAction","target":{"@type":"EntryPoint","urlTemplate":"https:\/\/laprats.fr\/blog\/?s={search_term_string}"},"query-input":{"@type":"PropertyValueSpecification","valueRequired":true,"valueName":"search_term_string"}}],"inLanguage":"fr-FR"}]}</script>
<!-- / Yoast SEO plugin. -->

Dernier rang Alain CHAMPLIAUD X X X X X Jean-philippe CHRISTOPHE Rang 4 : Martial REBILLARD X Samuel LAMBERT Grégoire FAVORY Nom Retiré Géralde CLEAUD Manuel CARRIAS X Ludovic MAHUET [&hellip;]
