{"id":815,"date":"2014-12-29T15:06:03","date_gmt":"2014-12-29T15:06:03","guid":{"rendered":"http:\/\/laprats.fr\/blog\/?page_id=815"},"modified":"2019-12-22T09:16:59","modified_gmt":"2019-12-22T08:16:59","slug":"classes-de-1990-1999","status":"publish","type":"page","link":"http:\/\/laprats.fr\/blog\/classes-de-1990-1999\/","title":{"rendered":"classes de 1990 \u00e0 1999"},"content":{"rendered":"<p>1989-1990 : <a title=\"1990 classe de 2nde\" href=\"http:\/\/laprats.fr\/blog\/1990-classe-de-2nde\/\">2nde<\/a> &#8211; <a title=\"1990 classe de Terminale F1\" href=\"http:\/\/laprats.fr\/blog\/1990-classe-de-terminale-f1\/\">T F1<\/a><\/p>\n<p>1990-1991 : <a title=\"1991 classe de 2nde\" href=\"http:\/\/laprats.fr\/blog\/1991-classe-de-2nde\/\">2nde<\/a> &#8211; <a title=\"1991 classe de 2nde N2\" href=\"http:\/\/laprats.fr\/blog\/1991-classe-de-2nde-n2\/\">2nde<\/a> &#8211; <a title=\"1991 classe de 2nde C\" href=\"http:\/\/laprats.fr\/blog\/1991-classe-de-2nde-c\/\">2nde C<\/a> &#8211; <a title=\"1991 classe de 2nde TSA\" href=\"http:\/\/laprats.fr\/blog\/1991-classe-de-2nde-tsa\/\">2nde TSA<\/a> &#8211; <a title=\"1991 classe de 2nde g\u00e9n\u00e9rale\" href=\"http:\/\/laprats.fr\/blog\/1991-classe-de-2nde-generale\/\">2nde g\u00e9n\u00e9rale<\/a> &#8211; <a title=\"1992 classe de 1\u00e8re S\" href=\"http:\/\/laprats.fr\/blog\/1992-classe-de-1ere-s\/\">1 \u00e8re S<\/a> &#8211; <a title=\"1991 classes de TE TC\" href=\"http:\/\/laprats.fr\/blog\/1991-classes-de-te-tc\/\">TE TC<\/a><\/p>\n<p>1991-1992 : <a title=\"1992 classe de 2nde A\" href=\"http:\/\/laprats.fr\/blog\/1992-classe-de-2nde\/\">2nde A<\/a> &#8211; <a title=\"1992 classe de 2nde D\" href=\"http:\/\/laprats.fr\/blog\/1992-classe-de-2nde-d\/\">2nde D<\/a> &#8211; <a title=\"1992 classe de 1\u00e8re S\" href=\"http:\/\/laprats.fr\/blog\/1992-classe-de-1ere-s\/\">1\u00e8re S<\/a> &#8211; <a title=\"1992 classe de Terminale F3\" href=\"http:\/\/laprats.fr\/blog\/1992-classe-de-terminale-f3\/\">T F3<\/a> &#8211; <a title=\"1992 classe de math sup\" href=\"http:\/\/laprats.fr\/blog\/1992-classe-de-math-sup\/\">math sup<\/a><\/p>\n<p>1992-1993 : <a title=\"1993 classe de 2nde C\" href=\"http:\/\/laprats.fr\/blog\/1993-classe-de-2nde-c-2\/\">2nde C<\/a> &#8211; <a title=\"1993 classe de 1\u00e8re F3\" href=\"http:\/\/laprats.fr\/blog\/1993-classe-de-1ere-f3\/\">1\u00e8re F3<\/a> &#8211; <a title=\"1993 classe de 1\u00e8re S\" href=\"http:\/\/laprats.fr\/blog\/1993-classe-de-1ere-s\/\">1\u00e8re S<\/a> &#8211; <a title=\"1993 classe de TF3\" href=\"http:\/\/laprats.fr\/blog\/1993-classe-de-tf3\/\">TF3<\/a> &#8211; <a title=\"1993 classe de TE\" href=\"http:\/\/laprats.fr\/blog\/1993-classe-de-te\/\">TE<\/a><\/p>\n<p>1993-1994 : <a title=\"1994 classe de 2nde 4\" href=\"http:\/\/laprats.fr\/blog\/1994-classe-de-2nde-4\/\">2nde 4<\/a> &#8211; <a title=\"1994 classe de 2nde B\" href=\"http:\/\/laprats.fr\/blog\/1994-classe-de-2nde-b\/\">2nde B<\/a> &#8211; <a title=\"1994 classe de 1\u00e8re S\" href=\"http:\/\/laprats.fr\/blog\/1994-classe-de-1ere-s\/\">1\u00e8re S<\/a> &#8211; <a title=\"1994 classe de 1\u00e8re F3\" href=\"http:\/\/laprats.fr\/blog\/1994-classe-de-1ere-f3\/\">1\u00e8re F3<\/a> &#8211; <a title=\"1994 classe de Terminale E (Hyper)\" href=\"http:\/\/laprats.fr\/blog\/1994-classe-de-terminale-e-hyper\/\">T E<\/a> &#8211; <a title=\"1994 classe de Terminale F3\" href=\"http:\/\/laprats.fr\/blog\/1994-classe-de-terminale-f3\/\">T F3<\/a> &#8211; <a title=\"1994 classe de Terminale S\" href=\"http:\/\/laprats.fr\/blog\/1994-classe-de-terminale-s\/\">Terminale S<\/a><\/p>\n<p>1994-1995 : <a title=\"1995 classe de 2nde A\" href=\"http:\/\/laprats.fr\/blog\/1995-classe-de-2nde\/\">2nde A<\/a> &#8211; <a title=\"1995 classe de 1\u00e8re F3\" href=\"http:\/\/laprats.fr\/blog\/1995-classe-de-1ere-f3\/\">1\u00e8re F3<\/a> &#8211; <a title=\"1995 classe de TS1\" href=\"http:\/\/laprats.fr\/blog\/1995-classe-de-ts1\/\">TS1<\/a> &#8211; <a title=\"1995 classe de TS2\" href=\"http:\/\/laprats.fr\/blog\/1995-classe-de-ts2\/\">TS2<\/a><\/p>\n<p>1995-1996 : <a title=\"1996 classe de 1\u00e8re S\" href=\"http:\/\/laprats.fr\/blog\/1996-classe-de-1ere-s\/\">1\u00e8re S<\/a> &#8211; <a title=\"1996 classe de T F3\" href=\"http:\/\/laprats.fr\/blog\/1996-classe-de-t-f3\/\">T F3<\/a> &#8211; <a title=\"1996 classe de T2\" href=\"http:\/\/laprats.fr\/blog\/1996-classe-de-t2\/\">T2<\/a><\/p>\n<p>1996-1997 : <a title=\"1997 classe de 2nde Tec\" href=\"http:\/\/laprats.fr\/blog\/1997-classe-de-2nde-tec\/\">2nde tec<\/a> &#8211; <a title=\"1997 classe de 1\u00e8re S\" href=\"http:\/\/laprats.fr\/blog\/1997-classe-de-1ere-s\/\">1\u00e8re S<\/a> &#8211; <a title=\"1997 classe de TS\" href=\"http:\/\/laprats.fr\/blog\/1997-classe-de-ts\/\">TS<\/a><\/p>\n<p>1997-1998 : <a title=\"1998 classe de 2nde TSA\" href=\"http:\/\/laprats.fr\/blog\/1998-classe-de-2nde-tsa\/\">2nde TSA<\/a> &#8211; <a title=\"1998 classe de PTSI\" href=\"http:\/\/laprats.fr\/blog\/1998-classe-de-ptsi\/\">PT SI<\/a><\/p>\n<p>1998-1999 : <a title=\"1999 classe de 2nde Tec\" href=\"http:\/\/laprats.fr\/blog\/1999-classe-de-2nde-tec\/\">2nde tec<\/a> &#8211; <a title=\"1999 classe de 1\u00e8re SVT\" href=\"http:\/\/laprats.fr\/blog\/1999-classe-de-1ere-svt\/\">1\u00e8re SVT<\/a> &#8211; <a title=\"1999 classe de Terminale SVT\" href=\"http:\/\/laprats.fr\/blog\/1999-classe-de-terminale-svt\/\">T SVT<\/a> &#8211; <a title=\"1999 classe de PT\" href=\"http:\/\/laprats.fr\/blog\/1999-classe-de-pt\/\">PT<\/a><\/p>\n<p style=\"text-align: center;\"><em><strong>Si tu as d&rsquo;autres photos ou des pr\u00e9cisions \u00e0 ajouter sur les photos en ligne, contacte <a href=\"mailto:laprats@laprats.fr\">laprats@laprats.fr<\/a><\/strong><\/em><\/p>\n","protected":false},"excerpt":{"rendered":"<p>1989-1990 : 2nde &#8211; T F1 1990-1991 : 2nde &#8211; 2nde &#8211; 2nde C &#8211; 2nde TSA &#8211; 2nde g\u00e9n\u00e9rale &#8211; 1 \u00e8re S &#8211; TE TC 1991-1992 : 2nde <a href=\"http:\/\/laprats.fr\/blog\/classes-de-1990-1999\/\" class=\"more-link\">[&hellip;]<\/a><\/p>\n","protected":false},"author":6,"featured_media":0,"parent":0,"menu_order":0,"comment_status":"open","ping_status":"open","template":"","meta":{"Layout":"","footnotes":""},"class_list":["entry","author-pascal","post-815","page","type-page","status-publish"],"yoast_head":"<!-- This site is optimized with the Yoast SEO plugin v27.4 - https:\/\/yoast.com\/product\/yoast-seo-wordpress\/ -->\n<title>classes de 1990 \u00e0 1999 - Bienvenue<\/title>\n<meta name=\"robots\" content=\"index, follow, max-snippet:-1, max-image-preview:large, max-video-preview:-1\" \/>\n<link rel=\"canonical\" href=\"http:\/\/laprats.fr\/blog\/classes-de-1990-1999\/\" \/>\n<meta property=\"og:locale\" content=\"fr_FR\" \/>\n<meta property=\"og:type\" content=\"article\" \/>\n<meta property=\"og:title\" content=\"classes de 1990 \u00e0 1999 - Bienvenue\" \/>\n<meta property=\"og:description\" content=\"1989-1990 : 2nde &#8211; T F1 1990-1991 : 2nde &#8211; 2nde &#8211; 2nde C &#8211; 2nde TSA &#8211; 2nde g\u00e9n\u00e9rale &#8211; 1 \u00e8re S &#8211; TE TC 1991-1992 : 2nde [&hellip;]\" \/>\n<meta property=\"og:url\" content=\"http:\/\/laprats.fr\/blog\/classes-de-1990-1999\/\" \/>\n<meta property=\"og:site_name\" content=\"Bienvenue\" \/>\n<meta property=\"article:publisher\" content=\"https:\/\/fr-fr.facebook.com\/pages\/Association-La-Prats-de-Cluny\/224204740976190?sk=wall\" \/>\n<meta property=\"article:modified_time\" content=\"2019-12-22T08:16:59+00:00\" \/>\n<meta property=\"og:image\" content=\"http:\/\/laprats.fr\/blog\/wp-content\/uploads\/2014\/09\/fonddepage.jpg\" \/>\n\t<meta property=\"og:image:width\" content=\"200\" \/>\n\t<meta property=\"og:image:height\" content=\"200\" \/>\n\t<meta property=\"og:image:type\" content=\"image\/jpeg\" \/>\n<meta name=\"twitter:label1\" content=\"Dur\u00e9e de lecture estim\u00e9e\" \/>\n\t<meta name=\"twitter:data1\" content=\"1 minute\" \/>\n<script type=\"application\/ld+json\" class=\"yoast-schema-graph\">{\"@context\":\"https:\\\/\\\/schema.org\",\"@graph\":[{\"@type\":\"WebPage\",\"@id\":\"http:\\\/\\\/laprats.fr\\\/blog\\\/classes-de-1990-1999\\\/\",\"url\":\"http:\\\/\\\/laprats.fr\\\/blog\\\/classes-de-1990-1999\\\/\",\"name\":\"classes de 1990 \u00e0 1999 - Bienvenue\",\"isPartOf\":{\"@id\":\"https:\\\/\\\/laprats.fr\\\/blog\\\/#website\"},\"datePublished\":\"2014-12-29T15:06:03+00:00\",\"dateModified\":\"2019-12-22T08:16:59+00:00\",\"breadcrumb\":{\"@id\":\"http:\\\/\\\/laprats.fr\\\/blog\\\/classes-de-1990-1999\\\/#breadcrumb\"},\"inLanguage\":\"fr-FR\",\"potentialAction\":[{\"@type\":\"ReadAction\",\"target\":[\"http:\\\/\\\/laprats.fr\\\/blog\\\/classes-de-1990-1999\\\/\"]}]},{\"@type\":\"BreadcrumbList\",\"@id\":\"http:\\\/\\\/laprats.fr\\\/blog\\\/classes-de-1990-1999\\\/#breadcrumb\",\"itemListElement\":[{\"@type\":\"ListItem\",\"position\":1,\"name\":\"Accueil\",\"item\":\"https:\\\/\\\/laprats.fr\\\/blog\\\/\"},{\"@type\":\"ListItem\",\"position\":2,\"name\":\"classes de 1990 \u00e0 1999\"}]},{\"@type\":\"WebSite\",\"@id\":\"https:\\\/\\\/laprats.fr\\\/blog\\\/#website\",\"url\":\"https:\\\/\\\/laprats.fr\\\/blog\\\/\",\"name\":\"Bienvenue\",\"description\":\"D&#039;hier et d&#039;aujourd&#039;hui ... pour demain\",\"potentialAction\":[{\"@type\":\"SearchAction\",\"target\":{\"@type\":\"EntryPoint\",\"urlTemplate\":\"https:\\\/\\\/laprats.fr\\\/blog\\\/?s={search_term_string}\"},\"query-input\":{\"@type\":\"PropertyValueSpecification\",\"valueRequired\":true,\"valueName\":\"search_term_string\"}}],\"inLanguage\":\"fr-FR\"}]}<\/script>\n<!-- \/ Yoast SEO plugin. -->","yoast_head_json":{"title":"classes de 1990 \u00e0 1999 - Bienvenue","robots":{"index":"index","follow":"follow","max-snippet":"max-snippet:-1","max-image-preview":"max-image-preview:large","max-video-preview":"max-video-preview:-1"},"canonical":"http:\/\/laprats.fr\/blog\/classes-de-1990-1999\/","og_locale":"fr_FR","og_type":"article","og_title":"classes de 1990 \u00e0 1999 - Bienvenue","og_description":"1989-1990 : 2nde &#8211; T F1 1990-1991 : 2nde &#8211; 2nde &#8211; 2nde C &#8211; 2nde TSA &#8211; 2nde g\u00e9n\u00e9rale &#8211; 1 \u00e8re S &#8211; TE TC 1991-1992 : 2nde [&hellip;]","og_url":"http:\/\/laprats.fr\/blog\/classes-de-1990-1999\/","og_site_name":"Bienvenue","article_publisher":"https:\/\/fr-fr.facebook.com\/pages\/Association-La-Prats-de-Cluny\/224204740976190?sk=wall","article_modified_time":"2019-12-22T08:16:59+00:00","og_image":[{"width":200,"height":200,"url":"http:\/\/laprats.fr\/blog\/wp-content\/uploads\/2014\/09\/fonddepage.jpg","type":"image\/jpeg"}],"twitter_misc":{"Dur\u00e9e de lecture estim\u00e9e":"1 minute"},"schema":{"@context":"https:\/\/schema.org","@graph":[{"@type":"WebPage","@id":"http:\/\/laprats.fr\/blog\/classes-de-1990-1999\/","url":"http:\/\/laprats.fr\/blog\/classes-de-1990-1999\/","name":"classes de 1990 \u00e0 1999 - Bienvenue","isPartOf":{"@id":"https:\/\/laprats.fr\/blog\/#website"},"datePublished":"2014-12-29T15:06:03+00:00","dateModified":"2019-12-22T08:16:59+00:00","breadcrumb":{"@id":"http:\/\/laprats.fr\/blog\/classes-de-1990-1999\/#breadcrumb"},"inLanguage":"fr-FR","potentialAction":[{"@type":"ReadAction","target":["http:\/\/laprats.fr\/blog\/classes-de-1990-1999\/"]}]},{"@type":"BreadcrumbList","@id":"http:\/\/laprats.fr\/blog\/classes-de-1990-1999\/#breadcrumb","itemListElement":[{"@type":"ListItem","position":1,"name":"Accueil","item":"https:\/\/laprats.fr\/blog\/"},{"@type":"ListItem","position":2,"name":"classes de 1990 \u00e0 1999"}]},{"@type":"WebSite","@id":"https:\/\/laprats.fr\/blog\/#website","url":"https:\/\/laprats.fr\/blog\/","name":"Bienvenue","description":"D&#039;hier et d&#039;aujourd&#039;hui ... pour demain","potentialAction":[{"@type":"SearchAction","target":{"@type":"EntryPoint","urlTemplate":"https:\/\/laprats.fr\/blog\/?s={search_term_string}"},"query-input":{"@type":"PropertyValueSpecification","valueRequired":true,"valueName":"search_term_string"}}],"inLanguage":"fr-FR"}]}},"_links":{"self":[{"href":"http:\/\/laprats.fr\/blog\/wp-json\/wp\/v2\/pages\/815","targetHints":{"allow":["GET"]}}],"collection":[{"href":"http:\/\/laprats.fr\/blog\/wp-json\/wp\/v2\/pages"}],"about":[{"href":"http:\/\/laprats.fr\/blog\/wp-json\/wp\/v2\/types\/page"}],"author":[{"embeddable":true,"href":"http:\/\/laprats.fr\/blog\/wp-json\/wp\/v2\/users\/6"}],"replies":[{"embeddable":true,"href":"http:\/\/laprats.fr\/blog\/wp-json\/wp\/v2\/comments?post=815"}],"version-history":[{"count":5,"href":"http:\/\/laprats.fr\/blog\/wp-json\/wp\/v2\/pages\/815\/revisions"}],"predecessor-version":[{"id":2009,"href":"http:\/\/laprats.fr\/blog\/wp-json\/wp\/v2\/pages\/815\/revisions\/2009"}],"wp:attachment":[{"href":"http:\/\/laprats.fr\/blog\/wp-json\/wp\/v2\/media?parent=815"}],"curies":[{"name":"wp","href":"https:\/\/api.w.org\/{rel}","templated":true}]}}