{"id":809,"date":"2014-12-29T10:38:30","date_gmt":"2014-12-29T10:38:30","guid":{"rendered":"http:\/\/laprats.fr\/blog\/?page_id=809"},"modified":"2014-12-29T10:38:30","modified_gmt":"2014-12-29T10:38:30","slug":"1979-classe-de-math-spe","status":"publish","type":"page","link":"http:\/\/laprats.fr\/blog\/1979-classe-de-math-spe\/","title":{"rendered":"1979 classe de math sp\u00e9"},"content":{"rendered":"<p style=\"text-align: center;\"><a href=\"http:\/\/laprats.fr\/blog\/wp-content\/uploads\/2014\/10\/1979-MathSp\u00e9.jpg\"><img loading=\"lazy\" decoding=\"async\" class=\"alignnone size-medium wp-image-280\" src=\"http:\/\/laprats.fr\/blog\/wp-content\/uploads\/2014\/10\/1979-MathSp\u00e9-300x215.jpg\" alt=\"1979-MathSp\u00e9\" width=\"300\" height=\"215\" srcset=\"http:\/\/laprats.fr\/blog\/wp-content\/uploads\/2014\/10\/1979-MathSp\u00e9-300x215.jpg 300w, http:\/\/laprats.fr\/blog\/wp-content\/uploads\/2014\/10\/1979-MathSp\u00e9-1024x736.jpg 1024w, http:\/\/laprats.fr\/blog\/wp-content\/uploads\/2014\/10\/1979-MathSp\u00e9.jpg 1280w\" sizes=\"auto, (max-width: 300px) 100vw, 300px\" \/><\/a><\/p>\n<h5 style=\"text-align: center;\">de gauche \u00e0 droite: en haut: X, X, Jean Luc Auboeuf, Patrick Cote, X, Pierre Mauguin, Didier Suchet, X, Jean Luc Delpeuch<\/h5>\n<h5 style=\"text-align: center;\">3\u00e8me rang: Michel Meunier, Christian Mourlon, Jean-Pierre Guyot, Jean-Louis Decrozant, Eric Damet, Christian Boiret, Etienne Jacquet, Denis Bourleaux, Ancey,<\/h5>\n<h5 style=\"text-align: center;\">2\u00e8me rang: Jacques Tschoffen, Gilles Bourrain, Blanche Gabillet, Michel Bouvier, Thierry Vermorel, Michel Sarry, X<\/h5>\n<h5 style=\"text-align: center;\">1er rang: Jacky Loreau, Fran\u00e7ois Roussel, No\u00ebl David, Jean Gonnet, X<\/h5>\n","protected":false},"excerpt":{"rendered":"<p>de gauche \u00e0 droite: en haut: X, X, Jean Luc Auboeuf, Patrick Cote, X, Pierre Mauguin, Didier Suchet, X, Jean Luc Delpeuch 3\u00e8me rang: Michel Meunier, Christian Mourlon, Jean-Pierre Guyot, <a href=\"http:\/\/laprats.fr\/blog\/1979-classe-de-math-spe\/\" class=\"more-link\">[&hellip;]<\/a><\/p>\n","protected":false},"author":6,"featured_media":0,"parent":0,"menu_order":0,"comment_status":"open","ping_status":"open","template":"","meta":{"Layout":"","footnotes":""},"class_list":["entry","author-pascal","post-809","page","type-page","status-publish"],"yoast_head":"<!-- This site is optimized with the Yoast SEO plugin v27.4 - https:\/\/yoast.com\/product\/yoast-seo-wordpress\/ -->\n<title>1979 classe de math sp\u00e9 - Bienvenue<\/title>\n<meta name=\"robots\" content=\"index, follow, max-snippet:-1, max-image-preview:large, max-video-preview:-1\" \/>\n<link rel=\"canonical\" href=\"http:\/\/laprats.fr\/blog\/1979-classe-de-math-spe\/\" \/>\n<meta property=\"og:locale\" content=\"fr_FR\" \/>\n<meta property=\"og:type\" content=\"article\" \/>\n<meta property=\"og:title\" content=\"1979 classe de math sp\u00e9 - Bienvenue\" \/>\n<meta property=\"og:description\" content=\"de gauche \u00e0 droite: en haut: X, X, Jean Luc Auboeuf, Patrick Cote, X, Pierre Mauguin, Didier Suchet, X, Jean Luc Delpeuch 3\u00e8me rang: Michel Meunier, Christian Mourlon, Jean-Pierre Guyot, [&hellip;]\" \/>\n<meta property=\"og:url\" content=\"http:\/\/laprats.fr\/blog\/1979-classe-de-math-spe\/\" \/>\n<meta property=\"og:site_name\" content=\"Bienvenue\" \/>\n<meta property=\"article:publisher\" content=\"https:\/\/fr-fr.facebook.com\/pages\/Association-La-Prats-de-Cluny\/224204740976190?sk=wall\" \/>\n<meta property=\"og:image\" content=\"http:\/\/laprats.fr\/blog\/wp-content\/uploads\/2014\/09\/fonddepage.jpg\" \/>\n\t<meta property=\"og:image:width\" content=\"200\" \/>\n\t<meta property=\"og:image:height\" content=\"200\" \/>\n\t<meta property=\"og:image:type\" content=\"image\/jpeg\" \/>\n<script type=\"application\/ld+json\" class=\"yoast-schema-graph\">{\"@context\":\"https:\\\/\\\/schema.org\",\"@graph\":[{\"@type\":\"WebPage\",\"@id\":\"http:\\\/\\\/laprats.fr\\\/blog\\\/1979-classe-de-math-spe\\\/\",\"url\":\"http:\\\/\\\/laprats.fr\\\/blog\\\/1979-classe-de-math-spe\\\/\",\"name\":\"1979 classe de math sp\u00e9 - Bienvenue\",\"isPartOf\":{\"@id\":\"https:\\\/\\\/laprats.fr\\\/blog\\\/#website\"},\"datePublished\":\"2014-12-29T10:38:30+00:00\",\"breadcrumb\":{\"@id\":\"http:\\\/\\\/laprats.fr\\\/blog\\\/1979-classe-de-math-spe\\\/#breadcrumb\"},\"inLanguage\":\"fr-FR\",\"potentialAction\":[{\"@type\":\"ReadAction\",\"target\":[\"http:\\\/\\\/laprats.fr\\\/blog\\\/1979-classe-de-math-spe\\\/\"]}]},{\"@type\":\"BreadcrumbList\",\"@id\":\"http:\\\/\\\/laprats.fr\\\/blog\\\/1979-classe-de-math-spe\\\/#breadcrumb\",\"itemListElement\":[{\"@type\":\"ListItem\",\"position\":1,\"name\":\"Accueil\",\"item\":\"https:\\\/\\\/laprats.fr\\\/blog\\\/\"},{\"@type\":\"ListItem\",\"position\":2,\"name\":\"1979 classe de math sp\u00e9\"}]},{\"@type\":\"WebSite\",\"@id\":\"https:\\\/\\\/laprats.fr\\\/blog\\\/#website\",\"url\":\"https:\\\/\\\/laprats.fr\\\/blog\\\/\",\"name\":\"Bienvenue\",\"description\":\"D&#039;hier et d&#039;aujourd&#039;hui ... pour demain\",\"potentialAction\":[{\"@type\":\"SearchAction\",\"target\":{\"@type\":\"EntryPoint\",\"urlTemplate\":\"https:\\\/\\\/laprats.fr\\\/blog\\\/?s={search_term_string}\"},\"query-input\":{\"@type\":\"PropertyValueSpecification\",\"valueRequired\":true,\"valueName\":\"search_term_string\"}}],\"inLanguage\":\"fr-FR\"}]}<\/script>\n<!-- \/ Yoast SEO plugin. -->","yoast_head_json":{"title":"1979 classe de math sp\u00e9 - Bienvenue","robots":{"index":"index","follow":"follow","max-snippet":"max-snippet:-1","max-image-preview":"max-image-preview:large","max-video-preview":"max-video-preview:-1"},"canonical":"http:\/\/laprats.fr\/blog\/1979-classe-de-math-spe\/","og_locale":"fr_FR","og_type":"article","og_title":"1979 classe de math sp\u00e9 - Bienvenue","og_description":"de gauche \u00e0 droite: en haut: X, X, Jean Luc Auboeuf, Patrick Cote, X, Pierre Mauguin, Didier Suchet, X, Jean Luc Delpeuch 3\u00e8me rang: Michel Meunier, Christian Mourlon, Jean-Pierre Guyot, [&hellip;]","og_url":"http:\/\/laprats.fr\/blog\/1979-classe-de-math-spe\/","og_site_name":"Bienvenue","article_publisher":"https:\/\/fr-fr.facebook.com\/pages\/Association-La-Prats-de-Cluny\/224204740976190?sk=wall","og_image":[{"width":200,"height":200,"url":"http:\/\/laprats.fr\/blog\/wp-content\/uploads\/2014\/09\/fonddepage.jpg","type":"image\/jpeg"}],"schema":{"@context":"https:\/\/schema.org","@graph":[{"@type":"WebPage","@id":"http:\/\/laprats.fr\/blog\/1979-classe-de-math-spe\/","url":"http:\/\/laprats.fr\/blog\/1979-classe-de-math-spe\/","name":"1979 classe de math sp\u00e9 - Bienvenue","isPartOf":{"@id":"https:\/\/laprats.fr\/blog\/#website"},"datePublished":"2014-12-29T10:38:30+00:00","breadcrumb":{"@id":"http:\/\/laprats.fr\/blog\/1979-classe-de-math-spe\/#breadcrumb"},"inLanguage":"fr-FR","potentialAction":[{"@type":"ReadAction","target":["http:\/\/laprats.fr\/blog\/1979-classe-de-math-spe\/"]}]},{"@type":"BreadcrumbList","@id":"http:\/\/laprats.fr\/blog\/1979-classe-de-math-spe\/#breadcrumb","itemListElement":[{"@type":"ListItem","position":1,"name":"Accueil","item":"https:\/\/laprats.fr\/blog\/"},{"@type":"ListItem","position":2,"name":"1979 classe de math sp\u00e9"}]},{"@type":"WebSite","@id":"https:\/\/laprats.fr\/blog\/#website","url":"https:\/\/laprats.fr\/blog\/","name":"Bienvenue","description":"D&#039;hier et d&#039;aujourd&#039;hui ... pour demain","potentialAction":[{"@type":"SearchAction","target":{"@type":"EntryPoint","urlTemplate":"https:\/\/laprats.fr\/blog\/?s={search_term_string}"},"query-input":{"@type":"PropertyValueSpecification","valueRequired":true,"valueName":"search_term_string"}}],"inLanguage":"fr-FR"}]}},"_links":{"self":[{"href":"http:\/\/laprats.fr\/blog\/wp-json\/wp\/v2\/pages\/809","targetHints":{"allow":["GET"]}}],"collection":[{"href":"http:\/\/laprats.fr\/blog\/wp-json\/wp\/v2\/pages"}],"about":[{"href":"http:\/\/laprats.fr\/blog\/wp-json\/wp\/v2\/types\/page"}],"author":[{"embeddable":true,"href":"http:\/\/laprats.fr\/blog\/wp-json\/wp\/v2\/users\/6"}],"replies":[{"embeddable":true,"href":"http:\/\/laprats.fr\/blog\/wp-json\/wp\/v2\/comments?post=809"}],"version-history":[{"count":1,"href":"http:\/\/laprats.fr\/blog\/wp-json\/wp\/v2\/pages\/809\/revisions"}],"predecessor-version":[{"id":810,"href":"http:\/\/laprats.fr\/blog\/wp-json\/wp\/v2\/pages\/809\/revisions\/810"}],"wp:attachment":[{"href":"http:\/\/laprats.fr\/blog\/wp-json\/wp\/v2\/media?parent=809"}],"curies":[{"name":"wp","href":"https:\/\/api.w.org\/{rel}","templated":true}]}}

1979 classe de math spé

<p style="text-align: center;"><a href="http://laprats.fr/blog/wp-content/uploads/2014/10/1979-MathSpé.jpg"><img loading="lazy" decoding="async" class="alignnone size-medium wp-image-280" src="http://laprats.fr/blog/wp-content/uploads/2014/10/1979-MathSpé-300x215.jpg" alt="1979-MathSpé" width="300" height="215" srcset="http://laprats.fr/blog/wp-content/uploads/2014/10/1979-MathSpé-300x215.jpg 300w, http://laprats.fr/blog/wp-content/uploads/2014/10/1979-MathSpé-1024x736.jpg 1024w, http://laprats.fr/blog/wp-content/uploads/2014/10/1979-MathSpé.jpg 1280w" sizes="auto, (max-width: 300px) 100vw, 300px" /></a></p>
<h5 style="text-align: center;">de gauche à droite: en haut: X, X, Jean Luc Auboeuf, Patrick Cote, X, Pierre Mauguin, Didier Suchet, X, Jean Luc Delpeuch</h5>
<h5 style="text-align: center;">3ème rang: Michel Meunier, Christian Mourlon, Jean-Pierre Guyot, Jean-Louis Decrozant, Eric Damet, Christian Boiret, Etienne Jacquet, Denis Bourleaux, Ancey,</h5>
<h5 style="text-align: center;">2ème rang: Jacques Tschoffen, Gilles Bourrain, Blanche Gabillet, Michel Bouvier, Thierry Vermorel, Michel Sarry, X</h5>
<h5 style="text-align: center;">1er rang: Jacky Loreau, François Roussel, Noël David, Jean Gonnet, X</h5>

<p>de gauche à droite: en haut: X, X, Jean Luc Auboeuf, Patrick Cote, X, Pierre Mauguin, Didier Suchet, X, Jean Luc Delpeuch 3ème rang: Michel Meunier, Christian Mourlon, Jean-Pierre Guyot, <a href="http://laprats.fr/blog/1979-classe-de-math-spe/" class="more-link">[&hellip;]</a></p>

<!-- This site is optimized with the Yoast SEO plugin v27.4 - https://yoast.com/product/yoast-seo-wordpress/ -->
<title>1979 classe de math spé - Bienvenue</title>
<meta name="robots" content="index, follow, max-snippet:-1, max-image-preview:large, max-video-preview:-1" />
<link rel="canonical" href="http://laprats.fr/blog/1979-classe-de-math-spe/" />
<meta property="og:locale" content="fr_FR" />
<meta property="og:type" content="article" />
<meta property="og:title" content="1979 classe de math spé - Bienvenue" />
<meta property="og:description" content="de gauche à droite: en haut: X, X, Jean Luc Auboeuf, Patrick Cote, X, Pierre Mauguin, Didier Suchet, X, Jean Luc Delpeuch 3ème rang: Michel Meunier, Christian Mourlon, Jean-Pierre Guyot, [&hellip;]" />
<meta property="og:url" content="http://laprats.fr/blog/1979-classe-de-math-spe/" />
<meta property="og:site_name" content="Bienvenue" />
<meta property="article:publisher" content="https://fr-fr.facebook.com/pages/Association-La-Prats-de-Cluny/224204740976190?sk=wall" />
<meta property="og:image" content="http://laprats.fr/blog/wp-content/uploads/2014/09/fonddepage.jpg" />
	<meta property="og:image:width" content="200" />
	<meta property="og:image:height" content="200" />
	<meta property="og:image:type" content="image/jpeg" />
<script type="application/ld+json" class="yoast-schema-graph">{"@context":"https:\/\/schema.org","@graph":[{"@type":"WebPage","@id":"http:\/\/laprats.fr\/blog\/1979-classe-de-math-spe\/","url":"http:\/\/laprats.fr\/blog\/1979-classe-de-math-spe\/","name":"1979 classe de math spé - Bienvenue","isPartOf":{"@id":"https:\/\/laprats.fr\/blog\/#website"},"datePublished":"2014-12-29T10:38:30+00:00","breadcrumb":{"@id":"http:\/\/laprats.fr\/blog\/1979-classe-de-math-spe\/#breadcrumb"},"inLanguage":"fr-FR","potentialAction":[{"@type":"ReadAction","target":["http:\/\/laprats.fr\/blog\/1979-classe-de-math-spe\/"]}]},{"@type":"BreadcrumbList","@id":"http:\/\/laprats.fr\/blog\/1979-classe-de-math-spe\/#breadcrumb","itemListElement":[{"@type":"ListItem","position":1,"name":"Accueil","item":"https:\/\/laprats.fr\/blog\/"},{"@type":"ListItem","position":2,"name":"1979 classe de math spé"}]},{"@type":"WebSite","@id":"https:\/\/laprats.fr\/blog\/#website","url":"https:\/\/laprats.fr\/blog\/","name":"Bienvenue","description":"D&#039;hier et d&#039;aujourd&#039;hui ... pour demain","potentialAction":[{"@type":"SearchAction","target":{"@type":"EntryPoint","urlTemplate":"https:\/\/laprats.fr\/blog\/?s={search_term_string}"},"query-input":{"@type":"PropertyValueSpecification","valueRequired":true,"valueName":"search_term_string"}}],"inLanguage":"fr-FR"}]}</script>
<!-- / Yoast SEO plugin. -->

1979 classe de math spé - Bienvenue

de gauche à droite: en haut: X, X, Jean Luc Auboeuf, Patrick Cote, X, Pierre Mauguin, Didier Suchet, X, Jean Luc Delpeuch 3ème rang: Michel Meunier, Christian Mourlon, Jean-Pierre Guyot, [&hellip;]
