{"id":787,"date":"2014-12-29T10:22:45","date_gmt":"2014-12-29T10:22:45","guid":{"rendered":"http:\/\/laprats.fr\/blog\/?page_id=787"},"modified":"2014-12-30T14:52:37","modified_gmt":"2014-12-30T14:52:37","slug":"1974-classe-de-math-sup","status":"publish","type":"page","link":"http:\/\/laprats.fr\/blog\/1974-classe-de-math-sup\/","title":{"rendered":"1974 classe de math sup"},"content":{"rendered":"<p style=\"text-align: center;\"><a href=\"http:\/\/laprats.fr\/blog\/wp-content\/uploads\/2014\/12\/1974-math-sup.jpg\"><img loading=\"lazy\" decoding=\"async\" class=\"alignnone size-medium wp-image-981\" src=\"http:\/\/laprats.fr\/blog\/wp-content\/uploads\/2014\/12\/1974-math-sup-300x237.jpg\" alt=\"1974 math sup\" width=\"300\" height=\"237\" srcset=\"http:\/\/laprats.fr\/blog\/wp-content\/uploads\/2014\/12\/1974-math-sup-300x237.jpg 300w, http:\/\/laprats.fr\/blog\/wp-content\/uploads\/2014\/12\/1974-math-sup-1024x809.jpg 1024w\" sizes=\"auto, (max-width: 300px) 100vw, 300px\" \/><\/a><\/p>\n<p style=\"text-align: center;\">Bernard MARTIN : \u00ab\u00a0Sur les 31, nous serons 18 \u00e0 int\u00e9grer directement les Arts cette ann\u00e9e l\u00e0, un 19\u00e8me s&rsquo;y reprendra \u00e0 2 fois et r\u00e9ussira en 75. Les autres se r\u00e9partirons entre les \u00e9coles associ\u00e9es (S\u00e8vres, Clichy et Strasbourg), les Mines d&rsquo;Al\u00e8s, l&rsquo;IDN et l&rsquo;INSA de Lyon\u00a0\u00bb<\/p>\n","protected":false},"excerpt":{"rendered":"<p>Bernard MARTIN : \u00ab\u00a0Sur les 31, nous serons 18 \u00e0 int\u00e9grer directement les Arts cette ann\u00e9e l\u00e0, un 19\u00e8me s&rsquo;y reprendra \u00e0 2 fois et r\u00e9ussira en 75. Les autres <a href=\"http:\/\/laprats.fr\/blog\/1974-classe-de-math-sup\/\" class=\"more-link\">[&hellip;]<\/a><\/p>\n","protected":false},"author":6,"featured_media":0,"parent":0,"menu_order":0,"comment_status":"open","ping_status":"open","template":"","meta":{"Layout":"","footnotes":""},"class_list":["entry","author-pascal","post-787","page","type-page","status-publish"],"yoast_head":"<!-- This site is optimized with the Yoast SEO plugin v27.4 - https:\/\/yoast.com\/product\/yoast-seo-wordpress\/ -->\n<title>1974 classe de math sup - Bienvenue<\/title>\n<meta name=\"robots\" content=\"index, follow, max-snippet:-1, max-image-preview:large, max-video-preview:-1\" \/>\n<link rel=\"canonical\" href=\"http:\/\/laprats.fr\/blog\/1974-classe-de-math-sup\/\" \/>\n<meta property=\"og:locale\" content=\"fr_FR\" \/>\n<meta property=\"og:type\" content=\"article\" \/>\n<meta property=\"og:title\" content=\"1974 classe de math sup - Bienvenue\" \/>\n<meta property=\"og:description\" content=\"Bernard MARTIN : \u00ab\u00a0Sur les 31, nous serons 18 \u00e0 int\u00e9grer directement les Arts cette ann\u00e9e l\u00e0, un 19\u00e8me s&rsquo;y reprendra \u00e0 2 fois et r\u00e9ussira en 75. Les autres [&hellip;]\" \/>\n<meta property=\"og:url\" content=\"http:\/\/laprats.fr\/blog\/1974-classe-de-math-sup\/\" \/>\n<meta property=\"og:site_name\" content=\"Bienvenue\" \/>\n<meta property=\"article:publisher\" content=\"https:\/\/fr-fr.facebook.com\/pages\/Association-La-Prats-de-Cluny\/224204740976190?sk=wall\" \/>\n<meta property=\"article:modified_time\" content=\"2014-12-30T14:52:37+00:00\" \/>\n<meta property=\"og:image\" content=\"http:\/\/laprats.fr\/blog\/wp-content\/uploads\/2014\/12\/1974-math-sup-300x237.jpg\" \/>\n<script type=\"application\/ld+json\" class=\"yoast-schema-graph\">{\"@context\":\"https:\\\/\\\/schema.org\",\"@graph\":[{\"@type\":\"WebPage\",\"@id\":\"http:\\\/\\\/laprats.fr\\\/blog\\\/1974-classe-de-math-sup\\\/\",\"url\":\"http:\\\/\\\/laprats.fr\\\/blog\\\/1974-classe-de-math-sup\\\/\",\"name\":\"1974 classe de math sup - Bienvenue\",\"isPartOf\":{\"@id\":\"https:\\\/\\\/laprats.fr\\\/blog\\\/#website\"},\"primaryImageOfPage\":{\"@id\":\"http:\\\/\\\/laprats.fr\\\/blog\\\/1974-classe-de-math-sup\\\/#primaryimage\"},\"image\":{\"@id\":\"http:\\\/\\\/laprats.fr\\\/blog\\\/1974-classe-de-math-sup\\\/#primaryimage\"},\"thumbnailUrl\":\"http:\\\/\\\/laprats.fr\\\/blog\\\/wp-content\\\/uploads\\\/2014\\\/12\\\/1974-math-sup-300x237.jpg\",\"datePublished\":\"2014-12-29T10:22:45+00:00\",\"dateModified\":\"2014-12-30T14:52:37+00:00\",\"breadcrumb\":{\"@id\":\"http:\\\/\\\/laprats.fr\\\/blog\\\/1974-classe-de-math-sup\\\/#breadcrumb\"},\"inLanguage\":\"fr-FR\",\"potentialAction\":[{\"@type\":\"ReadAction\",\"target\":[\"http:\\\/\\\/laprats.fr\\\/blog\\\/1974-classe-de-math-sup\\\/\"]}]},{\"@type\":\"ImageObject\",\"inLanguage\":\"fr-FR\",\"@id\":\"http:\\\/\\\/laprats.fr\\\/blog\\\/1974-classe-de-math-sup\\\/#primaryimage\",\"url\":\"http:\\\/\\\/laprats.fr\\\/blog\\\/wp-content\\\/uploads\\\/2014\\\/12\\\/1974-math-sup.jpg\",\"contentUrl\":\"http:\\\/\\\/laprats.fr\\\/blog\\\/wp-content\\\/uploads\\\/2014\\\/12\\\/1974-math-sup.jpg\",\"width\":2791,\"height\":2206},{\"@type\":\"BreadcrumbList\",\"@id\":\"http:\\\/\\\/laprats.fr\\\/blog\\\/1974-classe-de-math-sup\\\/#breadcrumb\",\"itemListElement\":[{\"@type\":\"ListItem\",\"position\":1,\"name\":\"Accueil\",\"item\":\"https:\\\/\\\/laprats.fr\\\/blog\\\/\"},{\"@type\":\"ListItem\",\"position\":2,\"name\":\"1974 classe de math sup\"}]},{\"@type\":\"WebSite\",\"@id\":\"https:\\\/\\\/laprats.fr\\\/blog\\\/#website\",\"url\":\"https:\\\/\\\/laprats.fr\\\/blog\\\/\",\"name\":\"Bienvenue\",\"description\":\"D&#039;hier et d&#039;aujourd&#039;hui ... pour demain\",\"potentialAction\":[{\"@type\":\"SearchAction\",\"target\":{\"@type\":\"EntryPoint\",\"urlTemplate\":\"https:\\\/\\\/laprats.fr\\\/blog\\\/?s={search_term_string}\"},\"query-input\":{\"@type\":\"PropertyValueSpecification\",\"valueRequired\":true,\"valueName\":\"search_term_string\"}}],\"inLanguage\":\"fr-FR\"}]}<\/script>\n<!-- \/ Yoast SEO plugin. -->","yoast_head_json":{"title":"1974 classe de math sup - Bienvenue","robots":{"index":"index","follow":"follow","max-snippet":"max-snippet:-1","max-image-preview":"max-image-preview:large","max-video-preview":"max-video-preview:-1"},"canonical":"http:\/\/laprats.fr\/blog\/1974-classe-de-math-sup\/","og_locale":"fr_FR","og_type":"article","og_title":"1974 classe de math sup - Bienvenue","og_description":"Bernard MARTIN : \u00ab\u00a0Sur les 31, nous serons 18 \u00e0 int\u00e9grer directement les Arts cette ann\u00e9e l\u00e0, un 19\u00e8me s&rsquo;y reprendra \u00e0 2 fois et r\u00e9ussira en 75. Les autres [&hellip;]","og_url":"http:\/\/laprats.fr\/blog\/1974-classe-de-math-sup\/","og_site_name":"Bienvenue","article_publisher":"https:\/\/fr-fr.facebook.com\/pages\/Association-La-Prats-de-Cluny\/224204740976190?sk=wall","article_modified_time":"2014-12-30T14:52:37+00:00","og_image":[{"url":"http:\/\/laprats.fr\/blog\/wp-content\/uploads\/2014\/12\/1974-math-sup-300x237.jpg","type":"","width":"","height":""}],"schema":{"@context":"https:\/\/schema.org","@graph":[{"@type":"WebPage","@id":"http:\/\/laprats.fr\/blog\/1974-classe-de-math-sup\/","url":"http:\/\/laprats.fr\/blog\/1974-classe-de-math-sup\/","name":"1974 classe de math sup - Bienvenue","isPartOf":{"@id":"https:\/\/laprats.fr\/blog\/#website"},"primaryImageOfPage":{"@id":"http:\/\/laprats.fr\/blog\/1974-classe-de-math-sup\/#primaryimage"},"image":{"@id":"http:\/\/laprats.fr\/blog\/1974-classe-de-math-sup\/#primaryimage"},"thumbnailUrl":"http:\/\/laprats.fr\/blog\/wp-content\/uploads\/2014\/12\/1974-math-sup-300x237.jpg","datePublished":"2014-12-29T10:22:45+00:00","dateModified":"2014-12-30T14:52:37+00:00","breadcrumb":{"@id":"http:\/\/laprats.fr\/blog\/1974-classe-de-math-sup\/#breadcrumb"},"inLanguage":"fr-FR","potentialAction":[{"@type":"ReadAction","target":["http:\/\/laprats.fr\/blog\/1974-classe-de-math-sup\/"]}]},{"@type":"ImageObject","inLanguage":"fr-FR","@id":"http:\/\/laprats.fr\/blog\/1974-classe-de-math-sup\/#primaryimage","url":"http:\/\/laprats.fr\/blog\/wp-content\/uploads\/2014\/12\/1974-math-sup.jpg","contentUrl":"http:\/\/laprats.fr\/blog\/wp-content\/uploads\/2014\/12\/1974-math-sup.jpg","width":2791,"height":2206},{"@type":"BreadcrumbList","@id":"http:\/\/laprats.fr\/blog\/1974-classe-de-math-sup\/#breadcrumb","itemListElement":[{"@type":"ListItem","position":1,"name":"Accueil","item":"https:\/\/laprats.fr\/blog\/"},{"@type":"ListItem","position":2,"name":"1974 classe de math sup"}]},{"@type":"WebSite","@id":"https:\/\/laprats.fr\/blog\/#website","url":"https:\/\/laprats.fr\/blog\/","name":"Bienvenue","description":"D&#039;hier et d&#039;aujourd&#039;hui ... pour demain","potentialAction":[{"@type":"SearchAction","target":{"@type":"EntryPoint","urlTemplate":"https:\/\/laprats.fr\/blog\/?s={search_term_string}"},"query-input":{"@type":"PropertyValueSpecification","valueRequired":true,"valueName":"search_term_string"}}],"inLanguage":"fr-FR"}]}},"_links":{"self":[{"href":"http:\/\/laprats.fr\/blog\/wp-json\/wp\/v2\/pages\/787","targetHints":{"allow":["GET"]}}],"collection":[{"href":"http:\/\/laprats.fr\/blog\/wp-json\/wp\/v2\/pages"}],"about":[{"href":"http:\/\/laprats.fr\/blog\/wp-json\/wp\/v2\/types\/page"}],"author":[{"embeddable":true,"href":"http:\/\/laprats.fr\/blog\/wp-json\/wp\/v2\/users\/6"}],"replies":[{"embeddable":true,"href":"http:\/\/laprats.fr\/blog\/wp-json\/wp\/v2\/comments?post=787"}],"version-history":[{"count":2,"href":"http:\/\/laprats.fr\/blog\/wp-json\/wp\/v2\/pages\/787\/revisions"}],"predecessor-version":[{"id":982,"href":"http:\/\/laprats.fr\/blog\/wp-json\/wp\/v2\/pages\/787\/revisions\/982"}],"wp:attachment":[{"href":"http:\/\/laprats.fr\/blog\/wp-json\/wp\/v2\/media?parent=787"}],"curies":[{"name":"wp","href":"https:\/\/api.w.org\/{rel}","templated":true}]}}