{"id":599,"date":"2014-12-28T08:31:17","date_gmt":"2014-12-28T08:31:17","guid":{"rendered":"http:\/\/laprats.fr\/blog\/?page_id=599"},"modified":"2019-12-22T09:13:34","modified_gmt":"2019-12-22T08:13:34","slug":"classes-1950-1959","status":"publish","type":"page","link":"http:\/\/laprats.fr\/blog\/classes-1950-1959\/","title":{"rendered":"Classes de 1950 \u00e0 1959"},"content":{"rendered":"<p>1949-1950 :<\/p>\n<p>1950-1951 : <a title=\"1951 classe de 5\u00e8me\" href=\"http:\/\/laprats.fr\/blog\/1951-classe-de-5eme\/\">5\u00e8me<\/a> &#8211; <a title=\"1951 classe de 3\u00e8me TM\" href=\"http:\/\/laprats.fr\/blog\/1951-classe-de-3eme\/\">3\u00e8me TM<\/a> &#8211; <a title=\"1951 classe de 1\u00e8re TM\" href=\"http:\/\/laprats.fr\/blog\/1951-classe-de-1ere-tm\/\">1\u00e8re TM<\/a><\/p>\n<p>1951-1952 : <a title=\"1952 classe 2nd indus\" href=\"http:\/\/laprats.fr\/blog\/1952-classe-2nd-indus\/\">2nde indus<\/a><\/p>\n<p>1952-1953 : <a title=\"1953 classe 1\u00e8re TM\" href=\"http:\/\/laprats.fr\/blog\/1953-classe-1ere-tm\/\">1\u00e8re TM<\/a><\/p>\n<p>1953-1954 :<\/p>\n<p>1954-1955 : <a title=\"1955 classe TMA\" href=\"http:\/\/laprats.fr\/blog\/1955-classe-tma\/\">TMA<\/a><\/p>\n<p>1955-1956 :<\/p>\n<p>1956-1957 : <a title=\"1957 classe TM\" href=\"http:\/\/laprats.fr\/blog\/1957-classe-tm\/\">TM<\/a> &#8211; <a title=\"1957 classe TMA\" href=\"http:\/\/laprats.fr\/blog\/1957-classe-tma\/\">TMA<\/a><\/p>\n<p>1957-1958 :<\/p>\n<p>1958-1959 : <a title=\"1959 classe 5\u00e8me\" href=\"http:\/\/laprats.fr\/blog\/1959-classe-5eme\/\">5\u00e8me<\/a> &#8211; <a title=\"1959 classe 1\u00e8re TM\" href=\"http:\/\/laprats.fr\/blog\/1959-classe-1ere-tm\/\">1\u00e8re TM<\/a> &#8211; <a title=\"1959 classe 1\u00e8re E I\" href=\"http:\/\/laprats.fr\/blog\/1959-classe-1ere-e\/\">1\u00e8re E I<\/a><\/p>\n<p style=\"text-align: center;\"><em><strong>Si tu as d&rsquo;autres photos ou des pr\u00e9cisions \u00e0 ajouter sur les photos en ligne, contacte <a href=\"mailto:laprats@laprats.fr\">laprats@laprats.fr<\/a><\/strong><\/em><\/p>\n","protected":false},"excerpt":{"rendered":"<p>1949-1950 : 1950-1951 : 5\u00e8me &#8211; 3\u00e8me TM &#8211; 1\u00e8re TM 1951-1952 : 2nde indus 1952-1953 : 1\u00e8re TM 1953-1954 : 1954-1955 : TMA 1955-1956 : 1956-1957 : TM &#8211; <a href=\"http:\/\/laprats.fr\/blog\/classes-1950-1959\/\" class=\"more-link\">[&hellip;]<\/a><\/p>\n","protected":false},"author":6,"featured_media":0,"parent":0,"menu_order":0,"comment_status":"open","ping_status":"closed","template":"","meta":{"Layout":"","footnotes":""},"class_list":["entry","author-pascal","post-599","page","type-page","status-publish"],"yoast_head":"<!-- This site is optimized with the Yoast SEO plugin v27.4 - https:\/\/yoast.com\/product\/yoast-seo-wordpress\/ -->\n<title>Classes de 1950 \u00e0 1959 - Bienvenue<\/title>\n<meta name=\"robots\" content=\"index, follow, max-snippet:-1, max-image-preview:large, max-video-preview:-1\" \/>\n<link rel=\"canonical\" href=\"http:\/\/laprats.fr\/blog\/classes-1950-1959\/\" \/>\n<meta property=\"og:locale\" content=\"fr_FR\" \/>\n<meta property=\"og:type\" content=\"article\" \/>\n<meta property=\"og:title\" content=\"Classes de 1950 \u00e0 1959 - Bienvenue\" \/>\n<meta property=\"og:description\" content=\"1949-1950 : 1950-1951 : 5\u00e8me &#8211; 3\u00e8me TM &#8211; 1\u00e8re TM 1951-1952 : 2nde indus 1952-1953 : 1\u00e8re TM 1953-1954 : 1954-1955 : TMA 1955-1956 : 1956-1957 : TM &#8211; [&hellip;]\" \/>\n<meta property=\"og:url\" content=\"http:\/\/laprats.fr\/blog\/classes-1950-1959\/\" \/>\n<meta property=\"og:site_name\" content=\"Bienvenue\" \/>\n<meta property=\"article:publisher\" content=\"https:\/\/fr-fr.facebook.com\/pages\/Association-La-Prats-de-Cluny\/224204740976190?sk=wall\" \/>\n<meta property=\"article:modified_time\" content=\"2019-12-22T08:13:34+00:00\" \/>\n<meta property=\"og:image\" content=\"http:\/\/laprats.fr\/blog\/wp-content\/uploads\/2014\/09\/fonddepage.jpg\" \/>\n\t<meta property=\"og:image:width\" content=\"200\" \/>\n\t<meta property=\"og:image:height\" content=\"200\" \/>\n\t<meta property=\"og:image:type\" content=\"image\/jpeg\" \/>\n<script type=\"application\/ld+json\" class=\"yoast-schema-graph\">{\"@context\":\"https:\\\/\\\/schema.org\",\"@graph\":[{\"@type\":\"WebPage\",\"@id\":\"http:\\\/\\\/laprats.fr\\\/blog\\\/classes-1950-1959\\\/\",\"url\":\"http:\\\/\\\/laprats.fr\\\/blog\\\/classes-1950-1959\\\/\",\"name\":\"Classes de 1950 \u00e0 1959 - Bienvenue\",\"isPartOf\":{\"@id\":\"https:\\\/\\\/laprats.fr\\\/blog\\\/#website\"},\"datePublished\":\"2014-12-28T08:31:17+00:00\",\"dateModified\":\"2019-12-22T08:13:34+00:00\",\"breadcrumb\":{\"@id\":\"http:\\\/\\\/laprats.fr\\\/blog\\\/classes-1950-1959\\\/#breadcrumb\"},\"inLanguage\":\"fr-FR\",\"potentialAction\":[{\"@type\":\"ReadAction\",\"target\":[\"http:\\\/\\\/laprats.fr\\\/blog\\\/classes-1950-1959\\\/\"]}]},{\"@type\":\"BreadcrumbList\",\"@id\":\"http:\\\/\\\/laprats.fr\\\/blog\\\/classes-1950-1959\\\/#breadcrumb\",\"itemListElement\":[{\"@type\":\"ListItem\",\"position\":1,\"name\":\"Accueil\",\"item\":\"https:\\\/\\\/laprats.fr\\\/blog\\\/\"},{\"@type\":\"ListItem\",\"position\":2,\"name\":\"Classes de 1950 \u00e0 1959\"}]},{\"@type\":\"WebSite\",\"@id\":\"https:\\\/\\\/laprats.fr\\\/blog\\\/#website\",\"url\":\"https:\\\/\\\/laprats.fr\\\/blog\\\/\",\"name\":\"Bienvenue\",\"description\":\"D&#039;hier et d&#039;aujourd&#039;hui ... pour demain\",\"potentialAction\":[{\"@type\":\"SearchAction\",\"target\":{\"@type\":\"EntryPoint\",\"urlTemplate\":\"https:\\\/\\\/laprats.fr\\\/blog\\\/?s={search_term_string}\"},\"query-input\":{\"@type\":\"PropertyValueSpecification\",\"valueRequired\":true,\"valueName\":\"search_term_string\"}}],\"inLanguage\":\"fr-FR\"}]}<\/script>\n<!-- \/ Yoast SEO plugin. -->","yoast_head_json":{"title":"Classes de 1950 \u00e0 1959 - Bienvenue","robots":{"index":"index","follow":"follow","max-snippet":"max-snippet:-1","max-image-preview":"max-image-preview:large","max-video-preview":"max-video-preview:-1"},"canonical":"http:\/\/laprats.fr\/blog\/classes-1950-1959\/","og_locale":"fr_FR","og_type":"article","og_title":"Classes de 1950 \u00e0 1959 - Bienvenue","og_description":"1949-1950 : 1950-1951 : 5\u00e8me &#8211; 3\u00e8me TM &#8211; 1\u00e8re TM 1951-1952 : 2nde indus 1952-1953 : 1\u00e8re TM 1953-1954 : 1954-1955 : TMA 1955-1956 : 1956-1957 : TM &#8211; [&hellip;]","og_url":"http:\/\/laprats.fr\/blog\/classes-1950-1959\/","og_site_name":"Bienvenue","article_publisher":"https:\/\/fr-fr.facebook.com\/pages\/Association-La-Prats-de-Cluny\/224204740976190?sk=wall","article_modified_time":"2019-12-22T08:13:34+00:00","og_image":[{"width":200,"height":200,"url":"http:\/\/laprats.fr\/blog\/wp-content\/uploads\/2014\/09\/fonddepage.jpg","type":"image\/jpeg"}],"schema":{"@context":"https:\/\/schema.org","@graph":[{"@type":"WebPage","@id":"http:\/\/laprats.fr\/blog\/classes-1950-1959\/","url":"http:\/\/laprats.fr\/blog\/classes-1950-1959\/","name":"Classes de 1950 \u00e0 1959 - Bienvenue","isPartOf":{"@id":"https:\/\/laprats.fr\/blog\/#website"},"datePublished":"2014-12-28T08:31:17+00:00","dateModified":"2019-12-22T08:13:34+00:00","breadcrumb":{"@id":"http:\/\/laprats.fr\/blog\/classes-1950-1959\/#breadcrumb"},"inLanguage":"fr-FR","potentialAction":[{"@type":"ReadAction","target":["http:\/\/laprats.fr\/blog\/classes-1950-1959\/"]}]},{"@type":"BreadcrumbList","@id":"http:\/\/laprats.fr\/blog\/classes-1950-1959\/#breadcrumb","itemListElement":[{"@type":"ListItem","position":1,"name":"Accueil","item":"https:\/\/laprats.fr\/blog\/"},{"@type":"ListItem","position":2,"name":"Classes de 1950 \u00e0 1959"}]},{"@type":"WebSite","@id":"https:\/\/laprats.fr\/blog\/#website","url":"https:\/\/laprats.fr\/blog\/","name":"Bienvenue","description":"D&#039;hier et d&#039;aujourd&#039;hui ... pour demain","potentialAction":[{"@type":"SearchAction","target":{"@type":"EntryPoint","urlTemplate":"https:\/\/laprats.fr\/blog\/?s={search_term_string}"},"query-input":{"@type":"PropertyValueSpecification","valueRequired":true,"valueName":"search_term_string"}}],"inLanguage":"fr-FR"}]}},"_links":{"self":[{"href":"http:\/\/laprats.fr\/blog\/wp-json\/wp\/v2\/pages\/599","targetHints":{"allow":["GET"]}}],"collection":[{"href":"http:\/\/laprats.fr\/blog\/wp-json\/wp\/v2\/pages"}],"about":[{"href":"http:\/\/laprats.fr\/blog\/wp-json\/wp\/v2\/types\/page"}],"author":[{"embeddable":true,"href":"http:\/\/laprats.fr\/blog\/wp-json\/wp\/v2\/users\/6"}],"replies":[{"embeddable":true,"href":"http:\/\/laprats.fr\/blog\/wp-json\/wp\/v2\/comments?post=599"}],"version-history":[{"count":10,"href":"http:\/\/laprats.fr\/blog\/wp-json\/wp\/v2\/pages\/599\/revisions"}],"predecessor-version":[{"id":2006,"href":"http:\/\/laprats.fr\/blog\/wp-json\/wp\/v2\/pages\/599\/revisions\/2006"}],"wp:attachment":[{"href":"http:\/\/laprats.fr\/blog\/wp-json\/wp\/v2\/media?parent=599"}],"curies":[{"name":"wp","href":"https:\/\/api.w.org\/{rel}","templated":true}]}}