{"id":596,"date":"2014-12-28T08:13:37","date_gmt":"2014-12-28T08:13:37","guid":{"rendered":"http:\/\/laprats.fr\/blog\/?page_id=596"},"modified":"2014-12-30T15:07:05","modified_gmt":"2014-12-30T15:07:05","slug":"vos-photos-de-classe","status":"publish","type":"page","link":"http:\/\/laprats.fr\/blog\/vos-photos-de-classe\/","title":{"rendered":"Vos photos de classe"},"content":{"rendered":"<p>Toutes les photos sont class\u00e9es selon les ann\u00e9es de sortie. Par exemple pour l&rsquo;ann\u00e9e scolaire 1988-1989, les photos sont class\u00e9es \u00e0 1989.<\/p>\n<p>Choisissez votre d\u00e9cennie de sortie :<\/p>\n<p>&#8211; avant 1950 : pas de photos \u00e0 ce jour<\/p>\n<p>&#8211; <a title=\"Classes 1950 \u00e0 1959\" href=\"http:\/\/laprats.fr\/blog\/classes-1950-1959\/\">1950 \/ 1959<\/a><\/p>\n<p>&#8211; <a title=\"Classes 1960 \u00e0 1969\" href=\"http:\/\/laprats.fr\/blog\/classes-1960-1969\/\">1960 \/ 1969<\/a><\/p>\n<p>&#8211; <a title=\"Classes de 1970 \u00e0 1979\" href=\"http:\/\/laprats.fr\/blog\/classes-de-1970-1979\/\">1970 \/ 1979<\/a><\/p>\n<p>&#8211; <a title=\"classes de 1980 \u00e0 1989\" href=\"http:\/\/laprats.fr\/blog\/classes-de-1980-1989\/\">1980 \/ 1989<\/a><\/p>\n<p>&#8211; <a title=\"classes de 1990 \u00e0 1999\" href=\"http:\/\/laprats.fr\/blog\/classes-de-1990-1999\/\">1990 \/ 1999<\/a><\/p>\n<p>&#8211; <a title=\"classes de 2000 \u00e0 2009\" href=\"http:\/\/laprats.fr\/blog\/classes-de-2000-2009\/\">2000 \/ 2009<\/a><\/p>\n<p>&#8211; <a title=\"classes de 2010 \u00e0 2019\" href=\"http:\/\/laprats.fr\/blog\/classes-de-2010-2019\/\">2010 \/ 2019<\/a><\/p>\n","protected":false},"excerpt":{"rendered":"<p>Toutes les photos sont class\u00e9es selon les ann\u00e9es de sortie. Par exemple pour l&rsquo;ann\u00e9e scolaire 1988-1989, les photos sont class\u00e9es \u00e0 1989. Choisissez votre d\u00e9cennie de sortie : &#8211; avant <a href=\"http:\/\/laprats.fr\/blog\/vos-photos-de-classe\/\" class=\"more-link\">[&hellip;]<\/a><\/p>\n","protected":false},"author":6,"featured_media":0,"parent":0,"menu_order":0,"comment_status":"open","ping_status":"open","template":"","meta":{"Layout":"","footnotes":""},"class_list":["entry","author-pascal","post-596","page","type-page","status-publish"],"yoast_head":"<!-- This site is optimized with the Yoast SEO plugin v27.4 - https:\/\/yoast.com\/product\/yoast-seo-wordpress\/ -->\n<title>Vos photos de classe - Bienvenue<\/title>\n<meta name=\"robots\" content=\"index, follow, max-snippet:-1, max-image-preview:large, max-video-preview:-1\" \/>\n<link rel=\"canonical\" href=\"http:\/\/laprats.fr\/blog\/vos-photos-de-classe\/\" \/>\n<meta property=\"og:locale\" content=\"fr_FR\" \/>\n<meta property=\"og:type\" content=\"article\" \/>\n<meta property=\"og:title\" content=\"Vos photos de classe - Bienvenue\" \/>\n<meta property=\"og:description\" content=\"Toutes les photos sont class\u00e9es selon les ann\u00e9es de sortie. Par exemple pour l&rsquo;ann\u00e9e scolaire 1988-1989, les photos sont class\u00e9es \u00e0 1989. Choisissez votre d\u00e9cennie de sortie : &#8211; avant [&hellip;]\" \/>\n<meta property=\"og:url\" content=\"http:\/\/laprats.fr\/blog\/vos-photos-de-classe\/\" \/>\n<meta property=\"og:site_name\" content=\"Bienvenue\" \/>\n<meta property=\"article:publisher\" content=\"https:\/\/fr-fr.facebook.com\/pages\/Association-La-Prats-de-Cluny\/224204740976190?sk=wall\" \/>\n<meta property=\"article:modified_time\" content=\"2014-12-30T15:07:05+00:00\" \/>\n<meta property=\"og:image\" content=\"http:\/\/laprats.fr\/blog\/wp-content\/uploads\/2014\/09\/fonddepage.jpg\" \/>\n\t<meta property=\"og:image:width\" content=\"200\" \/>\n\t<meta property=\"og:image:height\" content=\"200\" \/>\n\t<meta property=\"og:image:type\" content=\"image\/jpeg\" \/>\n<script type=\"application\/ld+json\" class=\"yoast-schema-graph\">{\"@context\":\"https:\\\/\\\/schema.org\",\"@graph\":[{\"@type\":\"WebPage\",\"@id\":\"http:\\\/\\\/laprats.fr\\\/blog\\\/vos-photos-de-classe\\\/\",\"url\":\"http:\\\/\\\/laprats.fr\\\/blog\\\/vos-photos-de-classe\\\/\",\"name\":\"Vos photos de classe - Bienvenue\",\"isPartOf\":{\"@id\":\"https:\\\/\\\/laprats.fr\\\/blog\\\/#website\"},\"datePublished\":\"2014-12-28T08:13:37+00:00\",\"dateModified\":\"2014-12-30T15:07:05+00:00\",\"breadcrumb\":{\"@id\":\"http:\\\/\\\/laprats.fr\\\/blog\\\/vos-photos-de-classe\\\/#breadcrumb\"},\"inLanguage\":\"fr-FR\",\"potentialAction\":[{\"@type\":\"ReadAction\",\"target\":[\"http:\\\/\\\/laprats.fr\\\/blog\\\/vos-photos-de-classe\\\/\"]}]},{\"@type\":\"BreadcrumbList\",\"@id\":\"http:\\\/\\\/laprats.fr\\\/blog\\\/vos-photos-de-classe\\\/#breadcrumb\",\"itemListElement\":[{\"@type\":\"ListItem\",\"position\":1,\"name\":\"Accueil\",\"item\":\"https:\\\/\\\/laprats.fr\\\/blog\\\/\"},{\"@type\":\"ListItem\",\"position\":2,\"name\":\"Vos photos de classe\"}]},{\"@type\":\"WebSite\",\"@id\":\"https:\\\/\\\/laprats.fr\\\/blog\\\/#website\",\"url\":\"https:\\\/\\\/laprats.fr\\\/blog\\\/\",\"name\":\"Bienvenue\",\"description\":\"D&#039;hier et d&#039;aujourd&#039;hui ... pour demain\",\"potentialAction\":[{\"@type\":\"SearchAction\",\"target\":{\"@type\":\"EntryPoint\",\"urlTemplate\":\"https:\\\/\\\/laprats.fr\\\/blog\\\/?s={search_term_string}\"},\"query-input\":{\"@type\":\"PropertyValueSpecification\",\"valueRequired\":true,\"valueName\":\"search_term_string\"}}],\"inLanguage\":\"fr-FR\"}]}<\/script>\n<!-- \/ Yoast SEO plugin. -->","yoast_head_json":{"title":"Vos photos de classe - Bienvenue","robots":{"index":"index","follow":"follow","max-snippet":"max-snippet:-1","max-image-preview":"max-image-preview:large","max-video-preview":"max-video-preview:-1"},"canonical":"http:\/\/laprats.fr\/blog\/vos-photos-de-classe\/","og_locale":"fr_FR","og_type":"article","og_title":"Vos photos de classe - Bienvenue","og_description":"Toutes les photos sont class\u00e9es selon les ann\u00e9es de sortie. Par exemple pour l&rsquo;ann\u00e9e scolaire 1988-1989, les photos sont class\u00e9es \u00e0 1989. Choisissez votre d\u00e9cennie de sortie : &#8211; avant [&hellip;]","og_url":"http:\/\/laprats.fr\/blog\/vos-photos-de-classe\/","og_site_name":"Bienvenue","article_publisher":"https:\/\/fr-fr.facebook.com\/pages\/Association-La-Prats-de-Cluny\/224204740976190?sk=wall","article_modified_time":"2014-12-30T15:07:05+00:00","og_image":[{"width":200,"height":200,"url":"http:\/\/laprats.fr\/blog\/wp-content\/uploads\/2014\/09\/fonddepage.jpg","type":"image\/jpeg"}],"schema":{"@context":"https:\/\/schema.org","@graph":[{"@type":"WebPage","@id":"http:\/\/laprats.fr\/blog\/vos-photos-de-classe\/","url":"http:\/\/laprats.fr\/blog\/vos-photos-de-classe\/","name":"Vos photos de classe - Bienvenue","isPartOf":{"@id":"https:\/\/laprats.fr\/blog\/#website"},"datePublished":"2014-12-28T08:13:37+00:00","dateModified":"2014-12-30T15:07:05+00:00","breadcrumb":{"@id":"http:\/\/laprats.fr\/blog\/vos-photos-de-classe\/#breadcrumb"},"inLanguage":"fr-FR","potentialAction":[{"@type":"ReadAction","target":["http:\/\/laprats.fr\/blog\/vos-photos-de-classe\/"]}]},{"@type":"BreadcrumbList","@id":"http:\/\/laprats.fr\/blog\/vos-photos-de-classe\/#breadcrumb","itemListElement":[{"@type":"ListItem","position":1,"name":"Accueil","item":"https:\/\/laprats.fr\/blog\/"},{"@type":"ListItem","position":2,"name":"Vos photos de classe"}]},{"@type":"WebSite","@id":"https:\/\/laprats.fr\/blog\/#website","url":"https:\/\/laprats.fr\/blog\/","name":"Bienvenue","description":"D&#039;hier et d&#039;aujourd&#039;hui ... pour demain","potentialAction":[{"@type":"SearchAction","target":{"@type":"EntryPoint","urlTemplate":"https:\/\/laprats.fr\/blog\/?s={search_term_string}"},"query-input":{"@type":"PropertyValueSpecification","valueRequired":true,"valueName":"search_term_string"}}],"inLanguage":"fr-FR"}]}},"_links":{"self":[{"href":"http:\/\/laprats.fr\/blog\/wp-json\/wp\/v2\/pages\/596","targetHints":{"allow":["GET"]}}],"collection":[{"href":"http:\/\/laprats.fr\/blog\/wp-json\/wp\/v2\/pages"}],"about":[{"href":"http:\/\/laprats.fr\/blog\/wp-json\/wp\/v2\/types\/page"}],"author":[{"embeddable":true,"href":"http:\/\/laprats.fr\/blog\/wp-json\/wp\/v2\/users\/6"}],"replies":[{"embeddable":true,"href":"http:\/\/laprats.fr\/blog\/wp-json\/wp\/v2\/comments?post=596"}],"version-history":[{"count":6,"href":"http:\/\/laprats.fr\/blog\/wp-json\/wp\/v2\/pages\/596\/revisions"}],"predecessor-version":[{"id":986,"href":"http:\/\/laprats.fr\/blog\/wp-json\/wp\/v2\/pages\/596\/revisions\/986"}],"wp:attachment":[{"href":"http:\/\/laprats.fr\/blog\/wp-json\/wp\/v2\/media?parent=596"}],"curies":[{"name":"wp","href":"https:\/\/api.w.org\/{rel}","templated":true}]}}

<p>Toutes les photos sont classées selon les années de sortie. Par exemple pour l&rsquo;année scolaire 1988-1989, les photos sont classées à 1989.</p>
<p>Choisissez votre décennie de sortie :</p>
<p>&#8211; avant 1950 : pas de photos à ce jour</p>
<p>&#8211; <a title="Classes 1950 à 1959" href="http://laprats.fr/blog/classes-1950-1959/">1950 / 1959</a></p>
<p>&#8211; <a title="Classes 1960 à 1969" href="http://laprats.fr/blog/classes-1960-1969/">1960 / 1969</a></p>
<p>&#8211; <a title="Classes de 1970 à 1979" href="http://laprats.fr/blog/classes-de-1970-1979/">1970 / 1979</a></p>
<p>&#8211; <a title="classes de 1980 à 1989" href="http://laprats.fr/blog/classes-de-1980-1989/">1980 / 1989</a></p>
<p>&#8211; <a title="classes de 1990 à 1999" href="http://laprats.fr/blog/classes-de-1990-1999/">1990 / 1999</a></p>
<p>&#8211; <a title="classes de 2000 à 2009" href="http://laprats.fr/blog/classes-de-2000-2009/">2000 / 2009</a></p>
<p>&#8211; <a title="classes de 2010 à 2019" href="http://laprats.fr/blog/classes-de-2010-2019/">2010 / 2019</a></p>

<p>Toutes les photos sont classées selon les années de sortie. Par exemple pour l&rsquo;année scolaire 1988-1989, les photos sont classées à 1989. Choisissez votre décennie de sortie : &#8211; avant <a href="http://laprats.fr/blog/vos-photos-de-classe/" class="more-link">[&hellip;]</a></p>

<!-- This site is optimized with the Yoast SEO plugin v27.4 - https://yoast.com/product/yoast-seo-wordpress/ -->
<title>Vos photos de classe - Bienvenue</title>
<meta name="robots" content="index, follow, max-snippet:-1, max-image-preview:large, max-video-preview:-1" />
<link rel="canonical" href="http://laprats.fr/blog/vos-photos-de-classe/" />
<meta property="og:locale" content="fr_FR" />
<meta property="og:type" content="article" />
<meta property="og:title" content="Vos photos de classe - Bienvenue" />
<meta property="og:description" content="Toutes les photos sont classées selon les années de sortie. Par exemple pour l&rsquo;année scolaire 1988-1989, les photos sont classées à 1989. Choisissez votre décennie de sortie : &#8211; avant [&hellip;]" />
<meta property="og:url" content="http://laprats.fr/blog/vos-photos-de-classe/" />
<meta property="og:site_name" content="Bienvenue" />
<meta property="article:publisher" content="https://fr-fr.facebook.com/pages/Association-La-Prats-de-Cluny/224204740976190?sk=wall" />
<meta property="article:modified_time" content="2014-12-30T15:07:05+00:00" />
<meta property="og:image" content="http://laprats.fr/blog/wp-content/uploads/2014/09/fonddepage.jpg" />
	<meta property="og:image:width" content="200" />
	<meta property="og:image:height" content="200" />
	<meta property="og:image:type" content="image/jpeg" />
<script type="application/ld+json" class="yoast-schema-graph">{"@context":"https:\/\/schema.org","@graph":[{"@type":"WebPage","@id":"http:\/\/laprats.fr\/blog\/vos-photos-de-classe\/","url":"http:\/\/laprats.fr\/blog\/vos-photos-de-classe\/","name":"Vos photos de classe - Bienvenue","isPartOf":{"@id":"https:\/\/laprats.fr\/blog\/#website"},"datePublished":"2014-12-28T08:13:37+00:00","dateModified":"2014-12-30T15:07:05+00:00","breadcrumb":{"@id":"http:\/\/laprats.fr\/blog\/vos-photos-de-classe\/#breadcrumb"},"inLanguage":"fr-FR","potentialAction":[{"@type":"ReadAction","target":["http:\/\/laprats.fr\/blog\/vos-photos-de-classe\/"]}]},{"@type":"BreadcrumbList","@id":"http:\/\/laprats.fr\/blog\/vos-photos-de-classe\/#breadcrumb","itemListElement":[{"@type":"ListItem","position":1,"name":"Accueil","item":"https:\/\/laprats.fr\/blog\/"},{"@type":"ListItem","position":2,"name":"Vos photos de classe"}]},{"@type":"WebSite","@id":"https:\/\/laprats.fr\/blog\/#website","url":"https:\/\/laprats.fr\/blog\/","name":"Bienvenue","description":"D&#039;hier et d&#039;aujourd&#039;hui ... pour demain","potentialAction":[{"@type":"SearchAction","target":{"@type":"EntryPoint","urlTemplate":"https:\/\/laprats.fr\/blog\/?s={search_term_string}"},"query-input":{"@type":"PropertyValueSpecification","valueRequired":true,"valueName":"search_term_string"}}],"inLanguage":"fr-FR"}]}</script>
<!-- / Yoast SEO plugin. -->

Toutes les photos sont classées selon les années de sortie. Par exemple pour l&rsquo;année scolaire 1988-1989, les photos sont classées à 1989. Choisissez votre décennie de sortie : &#8211; avant [&hellip;]
