{"id":386,"date":"2014-10-05T09:11:30","date_gmt":"2014-10-05T09:11:30","guid":{"rendered":"http:\/\/laprats.fr\/blog\/?page_id=386"},"modified":"2014-10-05T09:11:30","modified_gmt":"2014-10-05T09:11:30","slug":"flyer","status":"publish","type":"page","link":"http:\/\/laprats.fr\/blog\/flyer\/","title":{"rendered":"Flyer"},"content":{"rendered":"<p>Afin d&rsquo;affirmer les liens entre les anciens Prat&rsquo;siens et les lyc\u00e9ens, un flyer a \u00e9t\u00e9 r\u00e9dig\u00e9 en partenariat avec la Maison Des Lyc\u00e9ens (MDL) pour pr\u00e9senter les activit\u00e9s des deux associations.<\/p>\n<p>Ce document est vou\u00e9 \u00e0 \u00eatre distribu\u00e9 \u00e0 diff\u00e9rentes occasions comme les journ\u00e9es portes ouvertes du lyc\u00e9e. Les adh\u00e9rents \u00e0 notre association peuvent aussi le remettre \u00e0 d&rsquo;anciens \u00e9l\u00e8ves ou personnels du lyc\u00e9e susceptibles de nous rejoindre.<\/p>\n<p style=\"text-align: center;\"><a href=\"http:\/\/laprats.fr\/blog\/wp-content\/uploads\/2014\/10\/Flyer-MDL_Asso.pdf\">T\u00c9L\u00c9CHARGER LE FLYER<\/a><\/p>\n<p>&nbsp;<\/p>\n","protected":false},"excerpt":{"rendered":"<p>Afin d&rsquo;affirmer les liens entre les anciens Prat&rsquo;siens et les lyc\u00e9ens, un flyer a \u00e9t\u00e9 r\u00e9dig\u00e9 en partenariat avec la Maison Des Lyc\u00e9ens (MDL) pour pr\u00e9senter les activit\u00e9s des deux <a href=\"http:\/\/laprats.fr\/blog\/flyer\/\" class=\"more-link\">[&hellip;]<\/a><\/p>\n","protected":false},"author":6,"featured_media":0,"parent":0,"menu_order":0,"comment_status":"open","ping_status":"open","template":"","meta":{"Layout":"","footnotes":""},"class_list":["entry","author-pascal","post-386","page","type-page","status-publish"],"yoast_head":"<!-- This site is optimized with the Yoast SEO plugin v27.5 - https:\/\/yoast.com\/product\/yoast-seo-wordpress\/ -->\n<title>Flyer - Bienvenue<\/title>\n<meta name=\"robots\" content=\"index, follow, max-snippet:-1, max-image-preview:large, max-video-preview:-1\" \/>\n<link rel=\"canonical\" href=\"http:\/\/laprats.fr\/blog\/flyer\/\" \/>\n<meta property=\"og:locale\" content=\"fr_FR\" \/>\n<meta property=\"og:type\" content=\"article\" \/>\n<meta property=\"og:title\" content=\"Flyer - Bienvenue\" \/>\n<meta property=\"og:description\" content=\"Afin d&rsquo;affirmer les liens entre les anciens Prat&rsquo;siens et les lyc\u00e9ens, un flyer a \u00e9t\u00e9 r\u00e9dig\u00e9 en partenariat avec la Maison Des Lyc\u00e9ens (MDL) pour pr\u00e9senter les activit\u00e9s des deux [&hellip;]\" \/>\n<meta property=\"og:url\" content=\"http:\/\/laprats.fr\/blog\/flyer\/\" \/>\n<meta property=\"og:site_name\" content=\"Bienvenue\" \/>\n<meta property=\"article:publisher\" content=\"https:\/\/fr-fr.facebook.com\/pages\/Association-La-Prats-de-Cluny\/224204740976190?sk=wall\" \/>\n<meta property=\"og:image\" content=\"http:\/\/laprats.fr\/blog\/wp-content\/uploads\/2014\/09\/fonddepage.jpg\" \/>\n\t<meta property=\"og:image:width\" content=\"200\" \/>\n\t<meta property=\"og:image:height\" content=\"200\" \/>\n\t<meta property=\"og:image:type\" content=\"image\/jpeg\" \/>\n<script type=\"application\/ld+json\" class=\"yoast-schema-graph\">{\"@context\":\"https:\\\/\\\/schema.org\",\"@graph\":[{\"@type\":\"WebPage\",\"@id\":\"http:\\\/\\\/laprats.fr\\\/blog\\\/flyer\\\/\",\"url\":\"http:\\\/\\\/laprats.fr\\\/blog\\\/flyer\\\/\",\"name\":\"Flyer - Bienvenue\",\"isPartOf\":{\"@id\":\"https:\\\/\\\/laprats.fr\\\/blog\\\/#website\"},\"datePublished\":\"2014-10-05T09:11:30+00:00\",\"breadcrumb\":{\"@id\":\"http:\\\/\\\/laprats.fr\\\/blog\\\/flyer\\\/#breadcrumb\"},\"inLanguage\":\"fr-FR\",\"potentialAction\":[{\"@type\":\"ReadAction\",\"target\":[\"http:\\\/\\\/laprats.fr\\\/blog\\\/flyer\\\/\"]}]},{\"@type\":\"BreadcrumbList\",\"@id\":\"http:\\\/\\\/laprats.fr\\\/blog\\\/flyer\\\/#breadcrumb\",\"itemListElement\":[{\"@type\":\"ListItem\",\"position\":1,\"name\":\"Accueil\",\"item\":\"https:\\\/\\\/laprats.fr\\\/blog\\\/\"},{\"@type\":\"ListItem\",\"position\":2,\"name\":\"Flyer\"}]},{\"@type\":\"WebSite\",\"@id\":\"https:\\\/\\\/laprats.fr\\\/blog\\\/#website\",\"url\":\"https:\\\/\\\/laprats.fr\\\/blog\\\/\",\"name\":\"Bienvenue\",\"description\":\"D&#039;hier et d&#039;aujourd&#039;hui ... pour demain\",\"potentialAction\":[{\"@type\":\"SearchAction\",\"target\":{\"@type\":\"EntryPoint\",\"urlTemplate\":\"https:\\\/\\\/laprats.fr\\\/blog\\\/?s={search_term_string}\"},\"query-input\":{\"@type\":\"PropertyValueSpecification\",\"valueRequired\":true,\"valueName\":\"search_term_string\"}}],\"inLanguage\":\"fr-FR\"}]}<\/script>\n<!-- \/ Yoast SEO plugin. -->","yoast_head_json":{"title":"Flyer - Bienvenue","robots":{"index":"index","follow":"follow","max-snippet":"max-snippet:-1","max-image-preview":"max-image-preview:large","max-video-preview":"max-video-preview:-1"},"canonical":"http:\/\/laprats.fr\/blog\/flyer\/","og_locale":"fr_FR","og_type":"article","og_title":"Flyer - Bienvenue","og_description":"Afin d&rsquo;affirmer les liens entre les anciens Prat&rsquo;siens et les lyc\u00e9ens, un flyer a \u00e9t\u00e9 r\u00e9dig\u00e9 en partenariat avec la Maison Des Lyc\u00e9ens (MDL) pour pr\u00e9senter les activit\u00e9s des deux [&hellip;]","og_url":"http:\/\/laprats.fr\/blog\/flyer\/","og_site_name":"Bienvenue","article_publisher":"https:\/\/fr-fr.facebook.com\/pages\/Association-La-Prats-de-Cluny\/224204740976190?sk=wall","og_image":[{"width":200,"height":200,"url":"http:\/\/laprats.fr\/blog\/wp-content\/uploads\/2014\/09\/fonddepage.jpg","type":"image\/jpeg"}],"schema":{"@context":"https:\/\/schema.org","@graph":[{"@type":"WebPage","@id":"http:\/\/laprats.fr\/blog\/flyer\/","url":"http:\/\/laprats.fr\/blog\/flyer\/","name":"Flyer - Bienvenue","isPartOf":{"@id":"https:\/\/laprats.fr\/blog\/#website"},"datePublished":"2014-10-05T09:11:30+00:00","breadcrumb":{"@id":"http:\/\/laprats.fr\/blog\/flyer\/#breadcrumb"},"inLanguage":"fr-FR","potentialAction":[{"@type":"ReadAction","target":["http:\/\/laprats.fr\/blog\/flyer\/"]}]},{"@type":"BreadcrumbList","@id":"http:\/\/laprats.fr\/blog\/flyer\/#breadcrumb","itemListElement":[{"@type":"ListItem","position":1,"name":"Accueil","item":"https:\/\/laprats.fr\/blog\/"},{"@type":"ListItem","position":2,"name":"Flyer"}]},{"@type":"WebSite","@id":"https:\/\/laprats.fr\/blog\/#website","url":"https:\/\/laprats.fr\/blog\/","name":"Bienvenue","description":"D&#039;hier et d&#039;aujourd&#039;hui ... pour demain","potentialAction":[{"@type":"SearchAction","target":{"@type":"EntryPoint","urlTemplate":"https:\/\/laprats.fr\/blog\/?s={search_term_string}"},"query-input":{"@type":"PropertyValueSpecification","valueRequired":true,"valueName":"search_term_string"}}],"inLanguage":"fr-FR"}]}},"_links":{"self":[{"href":"http:\/\/laprats.fr\/blog\/wp-json\/wp\/v2\/pages\/386","targetHints":{"allow":["GET"]}}],"collection":[{"href":"http:\/\/laprats.fr\/blog\/wp-json\/wp\/v2\/pages"}],"about":[{"href":"http:\/\/laprats.fr\/blog\/wp-json\/wp\/v2\/types\/page"}],"author":[{"embeddable":true,"href":"http:\/\/laprats.fr\/blog\/wp-json\/wp\/v2\/users\/6"}],"replies":[{"embeddable":true,"href":"http:\/\/laprats.fr\/blog\/wp-json\/wp\/v2\/comments?post=386"}],"version-history":[{"count":2,"href":"http:\/\/laprats.fr\/blog\/wp-json\/wp\/v2\/pages\/386\/revisions"}],"predecessor-version":[{"id":389,"href":"http:\/\/laprats.fr\/blog\/wp-json\/wp\/v2\/pages\/386\/revisions\/389"}],"wp:attachment":[{"href":"http:\/\/laprats.fr\/blog\/wp-json\/wp\/v2\/media?parent=386"}],"curies":[{"name":"wp","href":"https:\/\/api.w.org\/{rel}","templated":true}]}}

<p>Afin d&rsquo;affirmer les liens entre les anciens Prat&rsquo;siens et les lycéens, un flyer a été rédigé en partenariat avec la Maison Des Lycéens (MDL) pour présenter les activités des deux associations.</p>
<p>Ce document est voué à être distribué à différentes occasions comme les journées portes ouvertes du lycée. Les adhérents à notre association peuvent aussi le remettre à d&rsquo;anciens élèves ou personnels du lycée susceptibles de nous rejoindre.</p>
<p style="text-align: center;"><a href="http://laprats.fr/blog/wp-content/uploads/2014/10/Flyer-MDL_Asso.pdf">TÉLÉCHARGER LE FLYER</a></p>
<p>&nbsp;</p>

<p>Afin d&rsquo;affirmer les liens entre les anciens Prat&rsquo;siens et les lycéens, un flyer a été rédigé en partenariat avec la Maison Des Lycéens (MDL) pour présenter les activités des deux <a href="http://laprats.fr/blog/flyer/" class="more-link">[&hellip;]</a></p>

<!-- This site is optimized with the Yoast SEO plugin v27.5 - https://yoast.com/product/yoast-seo-wordpress/ -->
<title>Flyer - Bienvenue</title>
<meta name="robots" content="index, follow, max-snippet:-1, max-image-preview:large, max-video-preview:-1" />
<link rel="canonical" href="http://laprats.fr/blog/flyer/" />
<meta property="og:locale" content="fr_FR" />
<meta property="og:type" content="article" />
<meta property="og:title" content="Flyer - Bienvenue" />
<meta property="og:description" content="Afin d&rsquo;affirmer les liens entre les anciens Prat&rsquo;siens et les lycéens, un flyer a été rédigé en partenariat avec la Maison Des Lycéens (MDL) pour présenter les activités des deux [&hellip;]" />
<meta property="og:url" content="http://laprats.fr/blog/flyer/" />
<meta property="og:site_name" content="Bienvenue" />
<meta property="article:publisher" content="https://fr-fr.facebook.com/pages/Association-La-Prats-de-Cluny/224204740976190?sk=wall" />
<meta property="og:image" content="http://laprats.fr/blog/wp-content/uploads/2014/09/fonddepage.jpg" />
	<meta property="og:image:width" content="200" />
	<meta property="og:image:height" content="200" />
	<meta property="og:image:type" content="image/jpeg" />
<script type="application/ld+json" class="yoast-schema-graph">{"@context":"https:\/\/schema.org","@graph":[{"@type":"WebPage","@id":"http:\/\/laprats.fr\/blog\/flyer\/","url":"http:\/\/laprats.fr\/blog\/flyer\/","name":"Flyer - Bienvenue","isPartOf":{"@id":"https:\/\/laprats.fr\/blog\/#website"},"datePublished":"2014-10-05T09:11:30+00:00","breadcrumb":{"@id":"http:\/\/laprats.fr\/blog\/flyer\/#breadcrumb"},"inLanguage":"fr-FR","potentialAction":[{"@type":"ReadAction","target":["http:\/\/laprats.fr\/blog\/flyer\/"]}]},{"@type":"BreadcrumbList","@id":"http:\/\/laprats.fr\/blog\/flyer\/#breadcrumb","itemListElement":[{"@type":"ListItem","position":1,"name":"Accueil","item":"https:\/\/laprats.fr\/blog\/"},{"@type":"ListItem","position":2,"name":"Flyer"}]},{"@type":"WebSite","@id":"https:\/\/laprats.fr\/blog\/#website","url":"https:\/\/laprats.fr\/blog\/","name":"Bienvenue","description":"D&#039;hier et d&#039;aujourd&#039;hui ... pour demain","potentialAction":[{"@type":"SearchAction","target":{"@type":"EntryPoint","urlTemplate":"https:\/\/laprats.fr\/blog\/?s={search_term_string}"},"query-input":{"@type":"PropertyValueSpecification","valueRequired":true,"valueName":"search_term_string"}}],"inLanguage":"fr-FR"}]}</script>
<!-- / Yoast SEO plugin. -->

Afin d&rsquo;affirmer les liens entre les anciens Prat&rsquo;siens et les lycéens, un flyer a été rédigé en partenariat avec la Maison Des Lycéens (MDL) pour présenter les activités des deux [&hellip;]
