{"id":1875,"date":"2019-07-08T15:15:09","date_gmt":"2019-07-08T13:15:09","guid":{"rendered":"http:\/\/laprats.fr\/blog\/?page_id=1875"},"modified":"2020-05-01T18:15:50","modified_gmt":"2020-05-01T16:15:50","slug":"r-g-p-d","status":"publish","type":"page","link":"http:\/\/laprats.fr\/blog\/r-g-p-d\/","title":{"rendered":"R.G.P.D."},"content":{"rendered":"\n<p>Le sigle RGPD d\u00e9signe le R\u00e8glement G\u00e9n\u00e9ral pour la Protection des Donn\u00e9es. Ce r\u00e8glement europ\u00e9en vise, dans le cas de notre association, \u00e0 prot\u00e9ger les donn\u00e9es personnelles des personnes enregistr\u00e9es dans notre base de donn\u00e9es.<\/p>\n<p>Tout prat&rsquo;sien peut donc avoir acc\u00e8s \u00e0 ses donn\u00e9es personnelles conserv\u00e9es par notre association et demander \u00e0 \u00eatre effac\u00e9 de notre base de donn\u00e9es sur simple demande \u00e0 laprats@laprats.fr dans le cadre du &lsquo;droit \u00e0 l&rsquo;oubli&rsquo;. De la m\u00eame mani\u00e8re, il est \u00e9galement possible de demander la modification des donn\u00e9es stock\u00e9es lorsqu&rsquo;elles sont incompl\u00e8tes ou inexactes.<\/p>\n<p>Nous avons, sur la base des recommandations de la CNIL, r\u00e9dig\u00e9 une charte consignant notre mani\u00e8re de g\u00e9rer la base de donn\u00e9e de l&rsquo;association:<\/p>\n<p style=\"text-align: center;\"><a href=\"http:\/\/laprats.fr\/blog\/wp-content\/uploads\/2020\/05\/D\u00e9marche-de-mise-en-conformit\u00e9-RGPD.pdf\">TELECHARGER la charte RGPD de l&rsquo;association<\/a><\/p>\n<p>\u00a0<\/p>\n","protected":false},"excerpt":{"rendered":"<p>Le sigle RGPD d\u00e9signe le R\u00e8glement G\u00e9n\u00e9ral pour la Protection des Donn\u00e9es. Ce r\u00e8glement europ\u00e9en vise, dans le cas de notre association, \u00e0 prot\u00e9ger les donn\u00e9es personnelles des personnes enregistr\u00e9es <a href=\"http:\/\/laprats.fr\/blog\/r-g-p-d\/\" class=\"more-link\">[&hellip;]<\/a><\/p>\n","protected":false},"author":6,"featured_media":0,"parent":0,"menu_order":0,"comment_status":"closed","ping_status":"closed","template":"","meta":{"Layout":"","footnotes":""},"class_list":["entry","author-pascal","post-1875","page","type-page","status-publish"],"yoast_head":"<!-- This site is optimized with the Yoast SEO plugin v27.4 - https:\/\/yoast.com\/product\/yoast-seo-wordpress\/ -->\n<title>R.G.P.D. - Bienvenue<\/title>\n<meta name=\"robots\" content=\"index, follow, max-snippet:-1, max-image-preview:large, max-video-preview:-1\" \/>\n<link rel=\"canonical\" href=\"http:\/\/laprats.fr\/blog\/r-g-p-d\/\" \/>\n<meta property=\"og:locale\" content=\"fr_FR\" \/>\n<meta property=\"og:type\" content=\"article\" \/>\n<meta property=\"og:title\" content=\"R.G.P.D. - Bienvenue\" \/>\n<meta property=\"og:description\" content=\"Le sigle RGPD d\u00e9signe le R\u00e8glement G\u00e9n\u00e9ral pour la Protection des Donn\u00e9es. Ce r\u00e8glement europ\u00e9en vise, dans le cas de notre association, \u00e0 prot\u00e9ger les donn\u00e9es personnelles des personnes enregistr\u00e9es [&hellip;]\" \/>\n<meta property=\"og:url\" content=\"http:\/\/laprats.fr\/blog\/r-g-p-d\/\" \/>\n<meta property=\"og:site_name\" content=\"Bienvenue\" \/>\n<meta property=\"article:publisher\" content=\"https:\/\/fr-fr.facebook.com\/pages\/Association-La-Prats-de-Cluny\/224204740976190?sk=wall\" \/>\n<meta property=\"article:modified_time\" content=\"2020-05-01T16:15:50+00:00\" \/>\n<meta property=\"og:image\" content=\"http:\/\/laprats.fr\/blog\/wp-content\/uploads\/2014\/09\/fonddepage.jpg\" \/>\n\t<meta property=\"og:image:width\" content=\"200\" \/>\n\t<meta property=\"og:image:height\" content=\"200\" \/>\n\t<meta property=\"og:image:type\" content=\"image\/jpeg\" \/>\n<meta name=\"twitter:label1\" content=\"Dur\u00e9e de lecture estim\u00e9e\" \/>\n\t<meta name=\"twitter:data1\" content=\"1 minute\" \/>\n<script type=\"application\/ld+json\" class=\"yoast-schema-graph\">{\"@context\":\"https:\\\/\\\/schema.org\",\"@graph\":[{\"@type\":\"WebPage\",\"@id\":\"http:\\\/\\\/laprats.fr\\\/blog\\\/r-g-p-d\\\/\",\"url\":\"http:\\\/\\\/laprats.fr\\\/blog\\\/r-g-p-d\\\/\",\"name\":\"R.G.P.D. - Bienvenue\",\"isPartOf\":{\"@id\":\"https:\\\/\\\/laprats.fr\\\/blog\\\/#website\"},\"datePublished\":\"2019-07-08T13:15:09+00:00\",\"dateModified\":\"2020-05-01T16:15:50+00:00\",\"breadcrumb\":{\"@id\":\"http:\\\/\\\/laprats.fr\\\/blog\\\/r-g-p-d\\\/#breadcrumb\"},\"inLanguage\":\"fr-FR\",\"potentialAction\":[{\"@type\":\"ReadAction\",\"target\":[\"http:\\\/\\\/laprats.fr\\\/blog\\\/r-g-p-d\\\/\"]}]},{\"@type\":\"BreadcrumbList\",\"@id\":\"http:\\\/\\\/laprats.fr\\\/blog\\\/r-g-p-d\\\/#breadcrumb\",\"itemListElement\":[{\"@type\":\"ListItem\",\"position\":1,\"name\":\"Accueil\",\"item\":\"https:\\\/\\\/laprats.fr\\\/blog\\\/\"},{\"@type\":\"ListItem\",\"position\":2,\"name\":\"R.G.P.D.\"}]},{\"@type\":\"WebSite\",\"@id\":\"https:\\\/\\\/laprats.fr\\\/blog\\\/#website\",\"url\":\"https:\\\/\\\/laprats.fr\\\/blog\\\/\",\"name\":\"Bienvenue\",\"description\":\"D&#039;hier et d&#039;aujourd&#039;hui ... pour demain\",\"potentialAction\":[{\"@type\":\"SearchAction\",\"target\":{\"@type\":\"EntryPoint\",\"urlTemplate\":\"https:\\\/\\\/laprats.fr\\\/blog\\\/?s={search_term_string}\"},\"query-input\":{\"@type\":\"PropertyValueSpecification\",\"valueRequired\":true,\"valueName\":\"search_term_string\"}}],\"inLanguage\":\"fr-FR\"}]}<\/script>\n<!-- \/ Yoast SEO plugin. -->","yoast_head_json":{"title":"R.G.P.D. - Bienvenue","robots":{"index":"index","follow":"follow","max-snippet":"max-snippet:-1","max-image-preview":"max-image-preview:large","max-video-preview":"max-video-preview:-1"},"canonical":"http:\/\/laprats.fr\/blog\/r-g-p-d\/","og_locale":"fr_FR","og_type":"article","og_title":"R.G.P.D. - Bienvenue","og_description":"Le sigle RGPD d\u00e9signe le R\u00e8glement G\u00e9n\u00e9ral pour la Protection des Donn\u00e9es. Ce r\u00e8glement europ\u00e9en vise, dans le cas de notre association, \u00e0 prot\u00e9ger les donn\u00e9es personnelles des personnes enregistr\u00e9es [&hellip;]","og_url":"http:\/\/laprats.fr\/blog\/r-g-p-d\/","og_site_name":"Bienvenue","article_publisher":"https:\/\/fr-fr.facebook.com\/pages\/Association-La-Prats-de-Cluny\/224204740976190?sk=wall","article_modified_time":"2020-05-01T16:15:50+00:00","og_image":[{"width":200,"height":200,"url":"http:\/\/laprats.fr\/blog\/wp-content\/uploads\/2014\/09\/fonddepage.jpg","type":"image\/jpeg"}],"twitter_misc":{"Dur\u00e9e de lecture estim\u00e9e":"1 minute"},"schema":{"@context":"https:\/\/schema.org","@graph":[{"@type":"WebPage","@id":"http:\/\/laprats.fr\/blog\/r-g-p-d\/","url":"http:\/\/laprats.fr\/blog\/r-g-p-d\/","name":"R.G.P.D. - Bienvenue","isPartOf":{"@id":"https:\/\/laprats.fr\/blog\/#website"},"datePublished":"2019-07-08T13:15:09+00:00","dateModified":"2020-05-01T16:15:50+00:00","breadcrumb":{"@id":"http:\/\/laprats.fr\/blog\/r-g-p-d\/#breadcrumb"},"inLanguage":"fr-FR","potentialAction":[{"@type":"ReadAction","target":["http:\/\/laprats.fr\/blog\/r-g-p-d\/"]}]},{"@type":"BreadcrumbList","@id":"http:\/\/laprats.fr\/blog\/r-g-p-d\/#breadcrumb","itemListElement":[{"@type":"ListItem","position":1,"name":"Accueil","item":"https:\/\/laprats.fr\/blog\/"},{"@type":"ListItem","position":2,"name":"R.G.P.D."}]},{"@type":"WebSite","@id":"https:\/\/laprats.fr\/blog\/#website","url":"https:\/\/laprats.fr\/blog\/","name":"Bienvenue","description":"D&#039;hier et d&#039;aujourd&#039;hui ... pour demain","potentialAction":[{"@type":"SearchAction","target":{"@type":"EntryPoint","urlTemplate":"https:\/\/laprats.fr\/blog\/?s={search_term_string}"},"query-input":{"@type":"PropertyValueSpecification","valueRequired":true,"valueName":"search_term_string"}}],"inLanguage":"fr-FR"}]}},"_links":{"self":[{"href":"http:\/\/laprats.fr\/blog\/wp-json\/wp\/v2\/pages\/1875","targetHints":{"allow":["GET"]}}],"collection":[{"href":"http:\/\/laprats.fr\/blog\/wp-json\/wp\/v2\/pages"}],"about":[{"href":"http:\/\/laprats.fr\/blog\/wp-json\/wp\/v2\/types\/page"}],"author":[{"embeddable":true,"href":"http:\/\/laprats.fr\/blog\/wp-json\/wp\/v2\/users\/6"}],"replies":[{"embeddable":true,"href":"http:\/\/laprats.fr\/blog\/wp-json\/wp\/v2\/comments?post=1875"}],"version-history":[{"count":2,"href":"http:\/\/laprats.fr\/blog\/wp-json\/wp\/v2\/pages\/1875\/revisions"}],"predecessor-version":[{"id":2077,"href":"http:\/\/laprats.fr\/blog\/wp-json\/wp\/v2\/pages\/1875\/revisions\/2077"}],"wp:attachment":[{"href":"http:\/\/laprats.fr\/blog\/wp-json\/wp\/v2\/media?parent=1875"}],"curies":[{"name":"wp","href":"https:\/\/api.w.org\/{rel}","templated":true}]}}