{"id":1855,"date":"2019-05-05T15:45:14","date_gmt":"2019-05-05T13:45:14","guid":{"rendered":"http:\/\/laprats.fr\/blog\/?page_id=1855"},"modified":"2019-08-31T14:28:26","modified_gmt":"2019-08-31T12:28:26","slug":"speciale-annees-70","status":"publish","type":"page","link":"http:\/\/laprats.fr\/blog\/speciale-annees-70\/","title":{"rendered":"Sp\u00e9ciale Ann\u00e9es 70"},"content":{"rendered":"\n<div class=\"wp-block-image\"><figure class=\"aligncenter\"><img loading=\"lazy\" decoding=\"async\" width=\"420\" height=\"243\" src=\"http:\/\/laprats.fr\/blog\/wp-content\/uploads\/2019\/05\/sp\u00e9ciale70.jpg\" alt=\"\" class=\"wp-image-1857\" srcset=\"http:\/\/laprats.fr\/blog\/wp-content\/uploads\/2019\/05\/sp\u00e9ciale70.jpg 420w, http:\/\/laprats.fr\/blog\/wp-content\/uploads\/2019\/05\/sp\u00e9ciale70-300x174.jpg 300w\" sizes=\"auto, (max-width: 420px) 100vw, 420px\" \/><\/figure><\/div>\n\n\n\n<p>Tout comme l&rsquo;ann\u00e9e derni\u00e8re nous avions mis \u00e0 l&rsquo;honneur les prat&rsquo;sien(ne)s des ann\u00e9e 80, cette ann\u00e9e ce sont les ann\u00e9es 70 qui seront les rois de la f\u00eate. Comme chaque ann\u00e9e les prat&rsquo;sien(ne)s de toutes g\u00e9n\u00e9rations sont bien s\u00fbr les bienvenus.<\/p>\n\n\n\n<p>Alors si tu as envie de retrouver tes camarades de classe, tes professeurs ou tes coll\u00e8gues, r\u00e9serve ton samedi 05 octobre 2019.<\/p>\n\n\n\n<p style=\"text-align:center\"><a rel=\"noreferrer noopener\" aria-label=\"inscription internet (opens in a new tab)\" href=\"https:\/\/www.helloasso.com\/associations\/la-prat-s-de-cluny\/adhesions\/ag-2019-1\" target=\"_blank\">inscription internet<\/a> (r\u00e8glement par carte bancaire par Helloasso)<\/p>\n\n\n\n<p style=\"text-align:center\"><a href=\"http:\/\/laprats.fr\/blog\/wp-content\/uploads\/2019\/08\/invit_ag_2019-inscription.pdf\" target=\"_blank\" rel=\"noreferrer noopener\" aria-label=\"inscription par cour (opens in a new tab)\">inscription par cour<\/a><a rel=\"noreferrer noopener\" aria-label=\"inscription par courrier (opens in a new tab)\" href=\"http:\/\/laprats.fr\/blog\/wp-content\/uploads\/2019\/08\/invit_ag_2019-inscription-1.pdf\" target=\"_blank\">rier<\/a> (r\u00e8glement par ch\u00e8que)<\/p>\n\n\n\n<p>Le programme de la journ\u00e9e est le suivant:<\/p>\n\n\n\n<p><em>&#8211; 9 h 30&nbsp; &nbsp;&nbsp;&nbsp;&nbsp;&nbsp;&nbsp;&nbsp;&nbsp;&nbsp;&nbsp;&nbsp;&nbsp;&nbsp;&nbsp;&nbsp; Accueil (caf\u00e9- jus de fruits)<\/em><\/p>\n\n\n\n<p><em>&#8211; 10 h 00&nbsp;&nbsp;&nbsp;&nbsp;&nbsp;&nbsp;&nbsp;&nbsp;&nbsp;&nbsp;&nbsp;&nbsp;&nbsp;&nbsp; Assembl\u00e9e g\u00e9n\u00e9rale ordinaire<\/em> <\/p>\n\n\n\n<p><em>&#8211; 12 h 00&nbsp;&nbsp;&nbsp;&nbsp;&nbsp;&nbsp;&nbsp;&nbsp;&nbsp;&nbsp;&nbsp;&nbsp;&nbsp;&nbsp; D\u00e9p\u00f4t de gerbe<\/em><\/p>\n\n\n\n<p><em>&#8211; 12h 15 &nbsp;&nbsp;&nbsp;&nbsp;&nbsp;&nbsp;&nbsp;&nbsp;&nbsp;&nbsp;&nbsp;&nbsp;&nbsp;&nbsp;&nbsp; Pot de l\u2019amiti\u00e9<\/em><\/p>\n\n\n\n<p><em>&#8211; 13 h 00\u00a0\u00a0\u00a0\u00a0\u00a0\u00a0\u00a0\u00a0\u00a0\u00a0\u00a0\u00a0\u00a0\u00a0 Repas au r\u00e9fectoire du lyc\u00e9e avec mise \u00e0 l\u2019honneur de la g\u00e9n\u00e9ration des ann\u00e9es 70<\/em> (36 \u20ac par personne) <a href=\"http:\/\/laprats.fr\/blog\/wp-content\/uploads\/2019\/08\/Menu2019.pdf\">T\u00e9l\u00e9charger le menu<\/a><\/p>\n\n\n\n<p><em>&#8211; 15h 00&nbsp;&nbsp;&nbsp;&nbsp;&nbsp;&nbsp;&nbsp;&nbsp;&nbsp;&nbsp;&nbsp;&nbsp;&nbsp;&nbsp;&nbsp; Visite du lyc\u00e9e<\/em><\/p>\n\n\n\n<p><em>Et pour celles et ceux qui le souhaitent (pour environ 18 \u20ac) :<\/em><\/p>\n\n\n\n<ul class=\"wp-block-list\"><li><strong><em>Ap\u00e9ritif d\u00e9gustation <\/em><\/strong>chez Christophe Perrin viticulteur \u00e0 Chazeux commune de Chissey les Macon <strong><em> en fin d&rsquo;apr\u00e8s midi<\/em><\/strong>. Au &lsquo;menu&rsquo;  jambon persill\u00e9, rosette, jambon cru en chiffonnade, et terrine de campagne de la boucherie de Cormatin, fromage local. <\/li><\/ul>\n\n\n\n<ul class=\"wp-block-list\"><li><strong><em>Suivi d&rsquo;un diner l\u00e9ger au restaurant.<\/em><\/strong><\/li><\/ul>\n\n\n\n<p>N&rsquo;h\u00e9sites pas \u00e0 faire suivre ce message et \u00e0 manifester ton int\u00e9r\u00eat pour ces retrouvailles \u00e0 Nicolas Bouillin (laprats@laprats.fr)<\/p>\n\n\n\n<p><\/p>\n","protected":false},"excerpt":{"rendered":"<p>Tout comme l&rsquo;ann\u00e9e derni\u00e8re nous avions mis \u00e0 l&rsquo;honneur les prat&rsquo;sien(ne)s des ann\u00e9e 80, cette ann\u00e9e ce sont les ann\u00e9es 70 qui seront les rois de la f\u00eate. Comme chaque <a href=\"http:\/\/laprats.fr\/blog\/speciale-annees-70\/\" class=\"more-link\">[&hellip;]<\/a><\/p>\n","protected":false},"author":6,"featured_media":0,"parent":0,"menu_order":0,"comment_status":"closed","ping_status":"closed","template":"","meta":{"Layout":"","footnotes":""},"class_list":["entry","author-pascal","post-1855","page","type-page","status-publish"],"yoast_head":"<!-- This site is optimized with the Yoast SEO plugin v27.4 - https:\/\/yoast.com\/product\/yoast-seo-wordpress\/ -->\n<title>Sp\u00e9ciale Ann\u00e9es 70 - Bienvenue<\/title>\n<meta name=\"robots\" content=\"index, follow, max-snippet:-1, max-image-preview:large, max-video-preview:-1\" \/>\n<link rel=\"canonical\" href=\"http:\/\/laprats.fr\/blog\/speciale-annees-70\/\" \/>\n<meta property=\"og:locale\" content=\"fr_FR\" \/>\n<meta property=\"og:type\" content=\"article\" \/>\n<meta property=\"og:title\" content=\"Sp\u00e9ciale Ann\u00e9es 70 - Bienvenue\" \/>\n<meta property=\"og:description\" content=\"Tout comme l&rsquo;ann\u00e9e derni\u00e8re nous avions mis \u00e0 l&rsquo;honneur les prat&rsquo;sien(ne)s des ann\u00e9e 80, cette ann\u00e9e ce sont les ann\u00e9es 70 qui seront les rois de la f\u00eate. Comme chaque [&hellip;]\" \/>\n<meta property=\"og:url\" content=\"http:\/\/laprats.fr\/blog\/speciale-annees-70\/\" \/>\n<meta property=\"og:site_name\" content=\"Bienvenue\" \/>\n<meta property=\"article:publisher\" content=\"https:\/\/fr-fr.facebook.com\/pages\/Association-La-Prats-de-Cluny\/224204740976190?sk=wall\" \/>\n<meta property=\"article:modified_time\" content=\"2019-08-31T12:28:26+00:00\" \/>\n<meta property=\"og:image\" content=\"http:\/\/laprats.fr\/blog\/wp-content\/uploads\/2014\/09\/fonddepage.jpg\" \/>\n\t<meta property=\"og:image:width\" content=\"200\" \/>\n\t<meta property=\"og:image:height\" content=\"200\" \/>\n\t<meta property=\"og:image:type\" content=\"image\/jpeg\" \/>\n<meta name=\"twitter:label1\" content=\"Dur\u00e9e de lecture estim\u00e9e\" \/>\n\t<meta name=\"twitter:data1\" content=\"2 minutes\" \/>\n<script type=\"application\/ld+json\" class=\"yoast-schema-graph\">{\"@context\":\"https:\\\/\\\/schema.org\",\"@graph\":[{\"@type\":\"WebPage\",\"@id\":\"http:\\\/\\\/laprats.fr\\\/blog\\\/speciale-annees-70\\\/\",\"url\":\"http:\\\/\\\/laprats.fr\\\/blog\\\/speciale-annees-70\\\/\",\"name\":\"Sp\u00e9ciale Ann\u00e9es 70 - Bienvenue\",\"isPartOf\":{\"@id\":\"http:\\\/\\\/laprats.fr\\\/blog\\\/#website\"},\"datePublished\":\"2019-05-05T13:45:14+00:00\",\"dateModified\":\"2019-08-31T12:28:26+00:00\",\"breadcrumb\":{\"@id\":\"http:\\\/\\\/laprats.fr\\\/blog\\\/speciale-annees-70\\\/#breadcrumb\"},\"inLanguage\":\"fr-FR\",\"potentialAction\":[{\"@type\":\"ReadAction\",\"target\":[\"http:\\\/\\\/laprats.fr\\\/blog\\\/speciale-annees-70\\\/\"]}]},{\"@type\":\"BreadcrumbList\",\"@id\":\"http:\\\/\\\/laprats.fr\\\/blog\\\/speciale-annees-70\\\/#breadcrumb\",\"itemListElement\":[{\"@type\":\"ListItem\",\"position\":1,\"name\":\"Accueil\",\"item\":\"http:\\\/\\\/laprats.fr\\\/blog\\\/\"},{\"@type\":\"ListItem\",\"position\":2,\"name\":\"Sp\u00e9ciale Ann\u00e9es 70\"}]},{\"@type\":\"WebSite\",\"@id\":\"http:\\\/\\\/laprats.fr\\\/blog\\\/#website\",\"url\":\"http:\\\/\\\/laprats.fr\\\/blog\\\/\",\"name\":\"Bienvenue\",\"description\":\"D&#039;hier et d&#039;aujourd&#039;hui ... pour demain\",\"potentialAction\":[{\"@type\":\"SearchAction\",\"target\":{\"@type\":\"EntryPoint\",\"urlTemplate\":\"http:\\\/\\\/laprats.fr\\\/blog\\\/?s={search_term_string}\"},\"query-input\":{\"@type\":\"PropertyValueSpecification\",\"valueRequired\":true,\"valueName\":\"search_term_string\"}}],\"inLanguage\":\"fr-FR\"}]}<\/script>\n<!-- \/ Yoast SEO plugin. -->","yoast_head_json":{"title":"Sp\u00e9ciale Ann\u00e9es 70 - Bienvenue","robots":{"index":"index","follow":"follow","max-snippet":"max-snippet:-1","max-image-preview":"max-image-preview:large","max-video-preview":"max-video-preview:-1"},"canonical":"http:\/\/laprats.fr\/blog\/speciale-annees-70\/","og_locale":"fr_FR","og_type":"article","og_title":"Sp\u00e9ciale Ann\u00e9es 70 - Bienvenue","og_description":"Tout comme l&rsquo;ann\u00e9e derni\u00e8re nous avions mis \u00e0 l&rsquo;honneur les prat&rsquo;sien(ne)s des ann\u00e9e 80, cette ann\u00e9e ce sont les ann\u00e9es 70 qui seront les rois de la f\u00eate. Comme chaque [&hellip;]","og_url":"http:\/\/laprats.fr\/blog\/speciale-annees-70\/","og_site_name":"Bienvenue","article_publisher":"https:\/\/fr-fr.facebook.com\/pages\/Association-La-Prats-de-Cluny\/224204740976190?sk=wall","article_modified_time":"2019-08-31T12:28:26+00:00","og_image":[{"width":200,"height":200,"url":"http:\/\/laprats.fr\/blog\/wp-content\/uploads\/2014\/09\/fonddepage.jpg","type":"image\/jpeg"}],"twitter_misc":{"Dur\u00e9e de lecture estim\u00e9e":"2 minutes"},"schema":{"@context":"https:\/\/schema.org","@graph":[{"@type":"WebPage","@id":"http:\/\/laprats.fr\/blog\/speciale-annees-70\/","url":"http:\/\/laprats.fr\/blog\/speciale-annees-70\/","name":"Sp\u00e9ciale Ann\u00e9es 70 - Bienvenue","isPartOf":{"@id":"http:\/\/laprats.fr\/blog\/#website"},"datePublished":"2019-05-05T13:45:14+00:00","dateModified":"2019-08-31T12:28:26+00:00","breadcrumb":{"@id":"http:\/\/laprats.fr\/blog\/speciale-annees-70\/#breadcrumb"},"inLanguage":"fr-FR","potentialAction":[{"@type":"ReadAction","target":["http:\/\/laprats.fr\/blog\/speciale-annees-70\/"]}]},{"@type":"BreadcrumbList","@id":"http:\/\/laprats.fr\/blog\/speciale-annees-70\/#breadcrumb","itemListElement":[{"@type":"ListItem","position":1,"name":"Accueil","item":"http:\/\/laprats.fr\/blog\/"},{"@type":"ListItem","position":2,"name":"Sp\u00e9ciale Ann\u00e9es 70"}]},{"@type":"WebSite","@id":"http:\/\/laprats.fr\/blog\/#website","url":"http:\/\/laprats.fr\/blog\/","name":"Bienvenue","description":"D&#039;hier et d&#039;aujourd&#039;hui ... pour demain","potentialAction":[{"@type":"SearchAction","target":{"@type":"EntryPoint","urlTemplate":"http:\/\/laprats.fr\/blog\/?s={search_term_string}"},"query-input":{"@type":"PropertyValueSpecification","valueRequired":true,"valueName":"search_term_string"}}],"inLanguage":"fr-FR"}]}},"_links":{"self":[{"href":"http:\/\/laprats.fr\/blog\/wp-json\/wp\/v2\/pages\/1855","targetHints":{"allow":["GET"]}}],"collection":[{"href":"http:\/\/laprats.fr\/blog\/wp-json\/wp\/v2\/pages"}],"about":[{"href":"http:\/\/laprats.fr\/blog\/wp-json\/wp\/v2\/types\/page"}],"author":[{"embeddable":true,"href":"http:\/\/laprats.fr\/blog\/wp-json\/wp\/v2\/users\/6"}],"replies":[{"embeddable":true,"href":"http:\/\/laprats.fr\/blog\/wp-json\/wp\/v2\/comments?post=1855"}],"version-history":[{"count":12,"href":"http:\/\/laprats.fr\/blog\/wp-json\/wp\/v2\/pages\/1855\/revisions"}],"predecessor-version":[{"id":1914,"href":"http:\/\/laprats.fr\/blog\/wp-json\/wp\/v2\/pages\/1855\/revisions\/1914"}],"wp:attachment":[{"href":"http:\/\/laprats.fr\/blog\/wp-json\/wp\/v2\/media?parent=1855"}],"curies":[{"name":"wp","href":"https:\/\/api.w.org\/{rel}","templated":true}]}}

Spéciale Années 70

<div class="wp-block-image"><figure class="aligncenter"><img loading="lazy" decoding="async" width="420" height="243" src="http://laprats.fr/blog/wp-content/uploads/2019/05/spéciale70.jpg" alt="" class="wp-image-1857" srcset="http://laprats.fr/blog/wp-content/uploads/2019/05/spéciale70.jpg 420w, http://laprats.fr/blog/wp-content/uploads/2019/05/spéciale70-300x174.jpg 300w" sizes="auto, (max-width: 420px) 100vw, 420px" /></figure></div>



<p>Tout comme l&rsquo;année dernière nous avions mis à l&rsquo;honneur les prat&rsquo;sien(ne)s des année 80, cette année ce sont les années 70 qui seront les rois de la fête. Comme chaque année les prat&rsquo;sien(ne)s de toutes générations sont bien sûr les bienvenus.</p>



<p>Alors si tu as envie de retrouver tes camarades de classe, tes professeurs ou tes collègues, réserve ton samedi 05 octobre 2019.</p>



<p style="text-align:center"><a rel="noreferrer noopener" aria-label="inscription internet (opens in a new tab)" href="https://www.helloasso.com/associations/la-prat-s-de-cluny/adhesions/ag-2019-1" target="_blank">inscription internet</a> (règlement par carte bancaire par Helloasso)</p>



<p style="text-align:center"><a href="http://laprats.fr/blog/wp-content/uploads/2019/08/invit_ag_2019-inscription.pdf" target="_blank" rel="noreferrer noopener" aria-label="inscription par cour (opens in a new tab)">inscription par cour</a><a rel="noreferrer noopener" aria-label="inscription par courrier (opens in a new tab)" href="http://laprats.fr/blog/wp-content/uploads/2019/08/invit_ag_2019-inscription-1.pdf" target="_blank">rier</a> (règlement par chèque)</p>



<p>Le programme de la journée est le suivant:</p>



<p><em>&#8211; 9 h 30&nbsp; &nbsp;&nbsp;&nbsp;&nbsp;&nbsp;&nbsp;&nbsp;&nbsp;&nbsp;&nbsp;&nbsp;&nbsp;&nbsp;&nbsp;&nbsp; Accueil (café- jus de fruits)</em></p>



<p><em>&#8211; 10 h 00&nbsp;&nbsp;&nbsp;&nbsp;&nbsp;&nbsp;&nbsp;&nbsp;&nbsp;&nbsp;&nbsp;&nbsp;&nbsp;&nbsp; Assemblée générale ordinaire</em> </p>



<p><em>&#8211; 12 h 00&nbsp;&nbsp;&nbsp;&nbsp;&nbsp;&nbsp;&nbsp;&nbsp;&nbsp;&nbsp;&nbsp;&nbsp;&nbsp;&nbsp; Dépôt de gerbe</em></p>



<p><em>&#8211; 12h 15 &nbsp;&nbsp;&nbsp;&nbsp;&nbsp;&nbsp;&nbsp;&nbsp;&nbsp;&nbsp;&nbsp;&nbsp;&nbsp;&nbsp;&nbsp; Pot de l’amitié</em></p>



<p><em>&#8211; 13 h 00               Repas au réfectoire du lycée avec mise à l’honneur de la génération des années 70</em> (36 € par personne) <a href="http://laprats.fr/blog/wp-content/uploads/2019/08/Menu2019.pdf">Télécharger le menu</a></p>



<p><em>&#8211; 15h 00&nbsp;&nbsp;&nbsp;&nbsp;&nbsp;&nbsp;&nbsp;&nbsp;&nbsp;&nbsp;&nbsp;&nbsp;&nbsp;&nbsp;&nbsp; Visite du lycée</em></p>



<p><em>Et pour celles et ceux qui le souhaitent (pour environ 18 €) :</em></p>



<ul class="wp-block-list"><li><strong><em>Apéritif dégustation </em></strong>chez Christophe Perrin viticulteur à Chazeux commune de Chissey les Macon <strong><em> en fin d&rsquo;après midi</em></strong>. Au &lsquo;menu&rsquo;  jambon persillé, rosette, jambon cru en chiffonnade, et terrine de campagne de la boucherie de Cormatin, fromage local. </li></ul>



<ul class="wp-block-list"><li><strong><em>Suivi d&rsquo;un diner léger au restaurant.</em></strong></li></ul>



<p>N&rsquo;hésites pas à faire suivre ce message et à manifester ton intérêt pour ces retrouvailles à Nicolas Bouillin (laprats@laprats.fr)</p>



<p></p>

<p>Tout comme l&rsquo;année dernière nous avions mis à l&rsquo;honneur les prat&rsquo;sien(ne)s des année 80, cette année ce sont les années 70 qui seront les rois de la fête. Comme chaque <a href="http://laprats.fr/blog/speciale-annees-70/" class="more-link">[&hellip;]</a></p>

<!-- This site is optimized with the Yoast SEO plugin v27.4 - https://yoast.com/product/yoast-seo-wordpress/ -->
<title>Spéciale Années 70 - Bienvenue</title>
<meta name="robots" content="index, follow, max-snippet:-1, max-image-preview:large, max-video-preview:-1" />
<link rel="canonical" href="http://laprats.fr/blog/speciale-annees-70/" />
<meta property="og:locale" content="fr_FR" />
<meta property="og:type" content="article" />
<meta property="og:title" content="Spéciale Années 70 - Bienvenue" />
<meta property="og:description" content="Tout comme l&rsquo;année dernière nous avions mis à l&rsquo;honneur les prat&rsquo;sien(ne)s des année 80, cette année ce sont les années 70 qui seront les rois de la fête. Comme chaque [&hellip;]" />
<meta property="og:url" content="http://laprats.fr/blog/speciale-annees-70/" />
<meta property="og:site_name" content="Bienvenue" />
<meta property="article:publisher" content="https://fr-fr.facebook.com/pages/Association-La-Prats-de-Cluny/224204740976190?sk=wall" />
<meta property="article:modified_time" content="2019-08-31T12:28:26+00:00" />
<meta property="og:image" content="http://laprats.fr/blog/wp-content/uploads/2014/09/fonddepage.jpg" />
	<meta property="og:image:width" content="200" />
	<meta property="og:image:height" content="200" />
	<meta property="og:image:type" content="image/jpeg" />
<meta name="twitter:label1" content="Durée de lecture estimée" />
	<meta name="twitter:data1" content="2 minutes" />
<script type="application/ld+json" class="yoast-schema-graph">{"@context":"https:\/\/schema.org","@graph":[{"@type":"WebPage","@id":"http:\/\/laprats.fr\/blog\/speciale-annees-70\/","url":"http:\/\/laprats.fr\/blog\/speciale-annees-70\/","name":"Spéciale Années 70 - Bienvenue","isPartOf":{"@id":"http:\/\/laprats.fr\/blog\/#website"},"datePublished":"2019-05-05T13:45:14+00:00","dateModified":"2019-08-31T12:28:26+00:00","breadcrumb":{"@id":"http:\/\/laprats.fr\/blog\/speciale-annees-70\/#breadcrumb"},"inLanguage":"fr-FR","potentialAction":[{"@type":"ReadAction","target":["http:\/\/laprats.fr\/blog\/speciale-annees-70\/"]}]},{"@type":"BreadcrumbList","@id":"http:\/\/laprats.fr\/blog\/speciale-annees-70\/#breadcrumb","itemListElement":[{"@type":"ListItem","position":1,"name":"Accueil","item":"http:\/\/laprats.fr\/blog\/"},{"@type":"ListItem","position":2,"name":"Spéciale Années 70"}]},{"@type":"WebSite","@id":"http:\/\/laprats.fr\/blog\/#website","url":"http:\/\/laprats.fr\/blog\/","name":"Bienvenue","description":"D&#039;hier et d&#039;aujourd&#039;hui ... pour demain","potentialAction":[{"@type":"SearchAction","target":{"@type":"EntryPoint","urlTemplate":"http:\/\/laprats.fr\/blog\/?s={search_term_string}"},"query-input":{"@type":"PropertyValueSpecification","valueRequired":true,"valueName":"search_term_string"}}],"inLanguage":"fr-FR"}]}</script>
<!-- / Yoast SEO plugin. -->

Spéciale Années 70 - Bienvenue

Tout comme l&rsquo;année dernière nous avions mis à l&rsquo;honneur les prat&rsquo;sien(ne)s des année 80, cette année ce sont les années 70 qui seront les rois de la fête. Comme chaque [&hellip;]
