{"id":147,"date":"2014-10-01T08:46:38","date_gmt":"2014-10-01T08:46:38","guid":{"rendered":"http:\/\/laprats.fr\/blog\/?page_id=147"},"modified":"2020-08-11T17:32:27","modified_gmt":"2020-08-11T15:32:27","slug":"vos-anecdotes","status":"publish","type":"page","link":"http:\/\/laprats.fr\/blog\/vos-anecdotes\/","title":{"rendered":"Vos anecdotes"},"content":{"rendered":"<p style=\"text-align: center;\"><a href=\"http:\/\/laprats.fr\/blog\/wp-content\/uploads\/2014\/10\/souv-lyc\u00e9e-ann\u00e9es-40.pdf\">Et dans les ann\u00e9es 40<\/a> &#8230;<\/p>\n<p style=\"text-align: center;\"><a href=\"http:\/\/laprats.fr\/blog\/wp-content\/uploads\/2016\/12\/serge-bavoux-m\u00e9moires-version-2.pdf\">Les anecdotes de Serge Bavoux<\/a> (La Prat&rsquo;s 1941-1946)<\/p>\n<p style=\"text-align: center;\">Jean-Louis Limard (<a href=\"http:\/\/laprats.fr\/blog\/wp-content\/uploads\/2020\/08\/Mes-souvenirs-de-Lyc\u00e9e-Jean-Louis-Limard.pdf\">Vie \u00e0 la Prat&rsquo;s au d\u00e9but des ann\u00e9es 60<\/a>)<\/p>\n<p style=\"text-align: center;\">(mise \u00e0 jour du 11\/08\/20)<\/p>\n\n","protected":false},"excerpt":{"rendered":"<p>Et dans les ann\u00e9es 40 &#8230; Les anecdotes de Serge Bavoux (La Prat&rsquo;s 1941-1946) Jean-Louis Limard (Vie \u00e0 la Prat&rsquo;s au d\u00e9but des ann\u00e9es 60) (mise \u00e0 jour du 11\/08\/20)<\/p>\n","protected":false},"author":6,"featured_media":0,"parent":0,"menu_order":0,"comment_status":"open","ping_status":"open","template":"","meta":{"Layout":"","footnotes":""},"class_list":["entry","author-pascal","post-147","page","type-page","status-publish"],"yoast_head":"<!-- This site is optimized with the Yoast SEO plugin v27.5 - https:\/\/yoast.com\/product\/yoast-seo-wordpress\/ -->\n<title>Vos anecdotes - Bienvenue<\/title>\n<meta name=\"robots\" content=\"index, follow, max-snippet:-1, max-image-preview:large, max-video-preview:-1\" \/>\n<link rel=\"canonical\" href=\"http:\/\/laprats.fr\/blog\/vos-anecdotes\/\" \/>\n<meta property=\"og:locale\" content=\"fr_FR\" \/>\n<meta property=\"og:type\" content=\"article\" \/>\n<meta property=\"og:title\" content=\"Vos anecdotes - Bienvenue\" \/>\n<meta property=\"og:description\" content=\"Et dans les ann\u00e9es 40 &#8230; Les anecdotes de Serge Bavoux (La Prat&rsquo;s 1941-1946) Jean-Louis Limard (Vie \u00e0 la Prat&rsquo;s au d\u00e9but des ann\u00e9es 60) (mise \u00e0 jour du 11\/08\/20)\" \/>\n<meta property=\"og:url\" content=\"http:\/\/laprats.fr\/blog\/vos-anecdotes\/\" \/>\n<meta property=\"og:site_name\" content=\"Bienvenue\" \/>\n<meta property=\"article:publisher\" content=\"https:\/\/fr-fr.facebook.com\/pages\/Association-La-Prats-de-Cluny\/224204740976190?sk=wall\" \/>\n<meta property=\"article:modified_time\" content=\"2020-08-11T15:32:27+00:00\" \/>\n<meta property=\"og:image\" content=\"http:\/\/laprats.fr\/blog\/wp-content\/uploads\/2014\/09\/fonddepage.jpg\" \/>\n\t<meta property=\"og:image:width\" content=\"200\" \/>\n\t<meta property=\"og:image:height\" content=\"200\" \/>\n\t<meta property=\"og:image:type\" content=\"image\/jpeg\" \/>\n<script type=\"application\/ld+json\" class=\"yoast-schema-graph\">{\"@context\":\"https:\\\/\\\/schema.org\",\"@graph\":[{\"@type\":\"WebPage\",\"@id\":\"http:\\\/\\\/laprats.fr\\\/blog\\\/vos-anecdotes\\\/\",\"url\":\"http:\\\/\\\/laprats.fr\\\/blog\\\/vos-anecdotes\\\/\",\"name\":\"Vos anecdotes - Bienvenue\",\"isPartOf\":{\"@id\":\"https:\\\/\\\/laprats.fr\\\/blog\\\/#website\"},\"datePublished\":\"2014-10-01T08:46:38+00:00\",\"dateModified\":\"2020-08-11T15:32:27+00:00\",\"breadcrumb\":{\"@id\":\"http:\\\/\\\/laprats.fr\\\/blog\\\/vos-anecdotes\\\/#breadcrumb\"},\"inLanguage\":\"fr-FR\",\"potentialAction\":[{\"@type\":\"ReadAction\",\"target\":[\"http:\\\/\\\/laprats.fr\\\/blog\\\/vos-anecdotes\\\/\"]}]},{\"@type\":\"BreadcrumbList\",\"@id\":\"http:\\\/\\\/laprats.fr\\\/blog\\\/vos-anecdotes\\\/#breadcrumb\",\"itemListElement\":[{\"@type\":\"ListItem\",\"position\":1,\"name\":\"Accueil\",\"item\":\"https:\\\/\\\/laprats.fr\\\/blog\\\/\"},{\"@type\":\"ListItem\",\"position\":2,\"name\":\"Vos anecdotes\"}]},{\"@type\":\"WebSite\",\"@id\":\"https:\\\/\\\/laprats.fr\\\/blog\\\/#website\",\"url\":\"https:\\\/\\\/laprats.fr\\\/blog\\\/\",\"name\":\"Bienvenue\",\"description\":\"D&#039;hier et d&#039;aujourd&#039;hui ... pour demain\",\"potentialAction\":[{\"@type\":\"SearchAction\",\"target\":{\"@type\":\"EntryPoint\",\"urlTemplate\":\"https:\\\/\\\/laprats.fr\\\/blog\\\/?s={search_term_string}\"},\"query-input\":{\"@type\":\"PropertyValueSpecification\",\"valueRequired\":true,\"valueName\":\"search_term_string\"}}],\"inLanguage\":\"fr-FR\"}]}<\/script>\n<!-- \/ Yoast SEO plugin. -->","yoast_head_json":{"title":"Vos anecdotes - Bienvenue","robots":{"index":"index","follow":"follow","max-snippet":"max-snippet:-1","max-image-preview":"max-image-preview:large","max-video-preview":"max-video-preview:-1"},"canonical":"http:\/\/laprats.fr\/blog\/vos-anecdotes\/","og_locale":"fr_FR","og_type":"article","og_title":"Vos anecdotes - Bienvenue","og_description":"Et dans les ann\u00e9es 40 &#8230; Les anecdotes de Serge Bavoux (La Prat&rsquo;s 1941-1946) Jean-Louis Limard (Vie \u00e0 la Prat&rsquo;s au d\u00e9but des ann\u00e9es 60) (mise \u00e0 jour du 11\/08\/20)","og_url":"http:\/\/laprats.fr\/blog\/vos-anecdotes\/","og_site_name":"Bienvenue","article_publisher":"https:\/\/fr-fr.facebook.com\/pages\/Association-La-Prats-de-Cluny\/224204740976190?sk=wall","article_modified_time":"2020-08-11T15:32:27+00:00","og_image":[{"width":200,"height":200,"url":"http:\/\/laprats.fr\/blog\/wp-content\/uploads\/2014\/09\/fonddepage.jpg","type":"image\/jpeg"}],"schema":{"@context":"https:\/\/schema.org","@graph":[{"@type":"WebPage","@id":"http:\/\/laprats.fr\/blog\/vos-anecdotes\/","url":"http:\/\/laprats.fr\/blog\/vos-anecdotes\/","name":"Vos anecdotes - Bienvenue","isPartOf":{"@id":"https:\/\/laprats.fr\/blog\/#website"},"datePublished":"2014-10-01T08:46:38+00:00","dateModified":"2020-08-11T15:32:27+00:00","breadcrumb":{"@id":"http:\/\/laprats.fr\/blog\/vos-anecdotes\/#breadcrumb"},"inLanguage":"fr-FR","potentialAction":[{"@type":"ReadAction","target":["http:\/\/laprats.fr\/blog\/vos-anecdotes\/"]}]},{"@type":"BreadcrumbList","@id":"http:\/\/laprats.fr\/blog\/vos-anecdotes\/#breadcrumb","itemListElement":[{"@type":"ListItem","position":1,"name":"Accueil","item":"https:\/\/laprats.fr\/blog\/"},{"@type":"ListItem","position":2,"name":"Vos anecdotes"}]},{"@type":"WebSite","@id":"https:\/\/laprats.fr\/blog\/#website","url":"https:\/\/laprats.fr\/blog\/","name":"Bienvenue","description":"D&#039;hier et d&#039;aujourd&#039;hui ... pour demain","potentialAction":[{"@type":"SearchAction","target":{"@type":"EntryPoint","urlTemplate":"https:\/\/laprats.fr\/blog\/?s={search_term_string}"},"query-input":{"@type":"PropertyValueSpecification","valueRequired":true,"valueName":"search_term_string"}}],"inLanguage":"fr-FR"}]}},"_links":{"self":[{"href":"http:\/\/laprats.fr\/blog\/wp-json\/wp\/v2\/pages\/147","targetHints":{"allow":["GET"]}}],"collection":[{"href":"http:\/\/laprats.fr\/blog\/wp-json\/wp\/v2\/pages"}],"about":[{"href":"http:\/\/laprats.fr\/blog\/wp-json\/wp\/v2\/types\/page"}],"author":[{"embeddable":true,"href":"http:\/\/laprats.fr\/blog\/wp-json\/wp\/v2\/users\/6"}],"replies":[{"embeddable":true,"href":"http:\/\/laprats.fr\/blog\/wp-json\/wp\/v2\/comments?post=147"}],"version-history":[{"count":8,"href":"http:\/\/laprats.fr\/blog\/wp-json\/wp\/v2\/pages\/147\/revisions"}],"predecessor-version":[{"id":2100,"href":"http:\/\/laprats.fr\/blog\/wp-json\/wp\/v2\/pages\/147\/revisions\/2100"}],"wp:attachment":[{"href":"http:\/\/laprats.fr\/blog\/wp-json\/wp\/v2\/media?parent=147"}],"curies":[{"name":"wp","href":"https:\/\/api.w.org\/{rel}","templated":true}]}}